{"id":9971,"date":"2023-10-27T14:17:26","date_gmt":"2023-10-27T13:17:26","guid":{"rendered":"https:\/\/mittelschule-hofeck.de\/wordpress\/?page_id=9971"},"modified":"2025-10-30T11:20:17","modified_gmt":"2025-10-30T10:20:17","slug":"fisch","status":"publish","type":"page","link":"https:\/\/mittelschule-hofeck.de\/wordpress\/fisch\/","title":{"rendered":"FiSCH"},"content":{"rendered":"\n<p><strong>Familie in Schule<\/strong><\/p>\n\n\n<div class=\"wp-block-image\">\n<figure class=\"aligncenter size-full is-resized\"><img loading=\"lazy\" decoding=\"async\" width=\"261\" height=\"61\" src=\"https:\/\/mittelschule-hofeck.de\/wordpress\/wp-content\/uploads\/2024\/12\/2024-FiSCH-Logo.jpg\" alt=\"\" class=\"wp-image-10606\" style=\"width:421px;height:auto\"\/><\/figure>\n<\/div>\n\n\n<div style=\"height:35px\" aria-hidden=\"true\" class=\"wp-block-spacer\"><\/div>\n\n\n\n<p>Seit diesem Schuljahr bieten wir das FiSCH-Projekt an. Dieses Angebot richtet sich an Sch\u00fclerinnen und Sch\u00fcler der Jahrgangsstufe 5-7, die<\/p>\n\n\n\n<ul class=\"wp-block-list\">\n<li>k\u00fcnftig gerne am Unterricht teilnehmen wollen,<\/li>\n\n\n\n<li>ihre Aufmerksamkeit &amp; Konzentration steigern wollen,<\/li>\n\n\n\n<li>ihre sozialen Kompetenzen miteinander ausbauen wollen,<\/li>\n\n\n\n<li>lernen wollen, ihre Impulse zu steuern,<\/li>\n\n\n\n<li>sich schulisch und emotional weiterentwickeln wollen.<\/li>\n<\/ul>\n\n\n\n<p>Dabei k\u00f6nnen ihre Eltern sie unterst\u00fctzen.<\/p>\n\n\n\n<p>N\u00e4here Infos entnehmen Sie bitte der folgenden Seite: <a href=\"https:\/\/www.systep.de\/FiSCH-familie-in-schule.html\">https:\/\/www.systep.de\/FiSCH-familie-in-schule.html<\/a>.<\/p>\n\n\n\n<hr class=\"wp-block-separator has-alpha-channel-opacity\"\/>\n\n\n\n<p>Der BR berichtete am 16.02.2025 in der Frankenschau (Minute 1:11 &#8211; 7:37):<\/p>\n\n\n\n<iframe loading=\"lazy\" src=\"https:\/\/www.ardmediathek.de\/embed\/Y3JpZDovL2JyLmRlL2Jyb2FkY2FzdC9GMjAyNFdPMDEyMTQ0QTA?startTime=71.00&#038;endTime=467.00\" width=\"640\" height=\"360\" allowfullscreen allow=\"clipboard-read; clipboard-write\" frameBorder=\"0\" scrolling=\"no\"><\/iframe>\n\n\n\n<p>Nach einem Jahr des FiSCH-Projekts k\u00f6nnen wir ein positives Fazit ziehen. <\/p>\n\n\n\n<figure class=\"wp-block-image size-full\"><img loading=\"lazy\" decoding=\"async\" width=\"836\" height=\"741\" src=\"https:\/\/mittelschule-hofeck.de\/wordpress\/wp-content\/uploads\/2024\/06\/2024-FiSCH.jpg\" alt=\"\" class=\"wp-image-10397\" srcset=\"https:\/\/mittelschule-hofeck.de\/wordpress\/wp-content\/uploads\/2024\/06\/2024-FiSCH.jpg 836w, https:\/\/mittelschule-hofeck.de\/wordpress\/wp-content\/uploads\/2024\/06\/2024-FiSCH-300x266.jpg 300w, https:\/\/mittelschule-hofeck.de\/wordpress\/wp-content\/uploads\/2024\/06\/2024-FiSCH-768x681.jpg 768w\" sizes=\"auto, (max-width: 836px) 100vw, 836px\" \/><\/figure>\n\n\n\n<p>Frankenpost vom 11.06.2024<\/p>\n","protected":false},"excerpt":{"rendered":"<p>Familie in Schule Seit diesem Schuljahr bieten wir das FiSCH-Projekt an. Dieses Angebot richtet sich an Sch\u00fclerinnen und Sch\u00fcler der Jahrgangsstufe 5-7, die Dabei k\u00f6nnen ihre Eltern sie unterst\u00fctzen. N\u00e4here Infos entnehmen Sie bitte der folgenden Seite: https:\/\/www.systep.de\/FiSCH-familie-in-schule.html. Der BR berichtete am 16.02.2025 in der Frankenschau (Minute 1:11 &#8211; 7:37): Nach einem Jahr des FiSCH-Projekts&#8230;<\/p>\n","protected":false},"author":1,"featured_media":0,"parent":0,"menu_order":0,"comment_status":"closed","ping_status":"closed","template":"","meta":{"footnotes":""},"class_list":["post-9971","page","type-page","status-publish","hentry"],"_links":{"self":[{"href":"https:\/\/mittelschule-hofeck.de\/wordpress\/wp-json\/wp\/v2\/pages\/9971","targetHints":{"allow":["GET"]}}],"collection":[{"href":"https:\/\/mittelschule-hofeck.de\/wordpress\/wp-json\/wp\/v2\/pages"}],"about":[{"href":"https:\/\/mittelschule-hofeck.de\/wordpress\/wp-json\/wp\/v2\/types\/page"}],"author":[{"embeddable":true,"href":"https:\/\/mittelschule-hofeck.de\/wordpress\/wp-json\/wp\/v2\/users\/1"}],"replies":[{"embeddable":true,"href":"https:\/\/mittelschule-hofeck.de\/wordpress\/wp-json\/wp\/v2\/comments?post=9971"}],"version-history":[{"count":13,"href":"https:\/\/mittelschule-hofeck.de\/wordpress\/wp-json\/wp\/v2\/pages\/9971\/revisions"}],"predecessor-version":[{"id":11264,"href":"https:\/\/mittelschule-hofeck.de\/wordpress\/wp-json\/wp\/v2\/pages\/9971\/revisions\/11264"}],"wp:attachment":[{"href":"https:\/\/mittelschule-hofeck.de\/wordpress\/wp-json\/wp\/v2\/media?parent=9971"}],"curies":[{"name":"wp","href":"https:\/\/api.w.org\/{rel}","templated":true}]}}