{"id":8479,"date":"2021-11-14T17:47:45","date_gmt":"2021-11-14T16:47:45","guid":{"rendered":"https:\/\/mittelschule-hofeck.de\/wordpress\/?page_id=8479"},"modified":"2021-11-14T21:21:23","modified_gmt":"2021-11-14T20:21:23","slug":"m-zug","status":"publish","type":"page","link":"https:\/\/mittelschule-hofeck.de\/wordpress\/m-zug\/","title":{"rendered":"M-Zug"},"content":{"rendered":"\n<p>Der M-Zug bietet die M\u00f6glichkeit bei uns an der Hofecker-Mittelschule die Mittlere Reife zu erhalten. Daf\u00fcr gibt es die sogenannten M-Klassen.  <\/p>\n\n\n\n<p>Hier finden Sie die \u00dcbertrittsvoraussetzungen f\u00fcr den M-Zug.<\/p>\n\n\n\n<div class=\"wp-block-group has-cyan-bluish-gray-color has-vivid-red-background-color has-text-color has-background\"><div class=\"wp-block-group__inner-container is-layout-flow wp-block-group-is-layout-flow\">\n<h2 class=\"has-white-color has-text-color wp-block-heading\">\u00dcbertritt in die M 7<\/h2>\n\n\n\n<p class=\"has-white-color has-text-color\">Ihr Kind kann in die 7. Jahrgangsstufe des M-Zweiges eintreten, wenn es im Zwischenzeugnis oder Jahreszeugnis der Jahrgangsstufe 6 folgende Bedingungen erf\u00fcllt:<\/p>\n\n\n\n<ul class=\"has-white-color has-text-color wp-block-list\"><li>bei einem Schnitt von 2,66 und besser (D, M, E): \u00dcbertritt auf Antrag der Erziehungsberechtigten uneingeschr\u00e4nkt m\u00f6glich<\/li><li>ab einem Schnitt von 3,00 und schlechter (D, M, E): auf Antrag der Erziehungsberechtigten <strong>und<\/strong> Bestehen einer Aufnahmepr\u00fcfung in der letzten Sommerferienwoche<\/li><\/ul>\n\n\n\n<p class=\"has-white-color has-text-color\"><\/p>\n<\/div><\/div>\n\n\n\n<div class=\"wp-block-group has-white-color has-luminous-vivid-orange-background-color has-text-color has-background\"><div class=\"wp-block-group__inner-container is-layout-flow wp-block-group-is-layout-flow\">\n<h2 class=\"wp-block-heading\">\u00dcbertritt in die M 8<\/h2>\n\n\n\n<p>Ihr Kind kann von der 7. Klasse Mittelschule in die Jahrgangsstufe 8 des M-Zuges eintreten, wenn es im Zwischenzeugnis oder dem Jahreszeugnis der Jahrgangsstufe 7 folgende Bedingungen erf\u00fcllt:<\/p>\n\n\n\n<ul class=\"wp-block-list\"><li>bei einem Durchschnitt von 2,33 und besser (D, M, E): \u00dcbertritt auf Antrag der Erziehungsberechtigten uneingeschr\u00e4nkt m\u00f6glich<\/li><li>bei einem Durchschnitt von 2,66 und schlechter (D, M, E): Auf Antrag der Erziehungsberechtigten <strong>und<\/strong> Bestehen einer Aufnahmepr\u00fcfung in der letzten Sommerferienwoche<\/li><\/ul>\n<\/div><\/div>\n\n\n\n<div class=\"wp-block-group has-luminous-vivid-amber-background-color has-background\"><div class=\"wp-block-group__inner-container is-layout-flow wp-block-group-is-layout-flow\">\n<h2 class=\"wp-block-heading\">\u00dcbertritt in die M 9<\/h2>\n\n\n\n<p>Ihr Kind kann von der 8. Klasse Mittelschule in die Jahrgangsstufe 9 des M-Zuges eintreten, wenn es im Zwischenzeugnis oder im Jahreszeugnis&nbsp;der Jahrgangsstufe 8 folgende Bedingungen erf\u00fcllt:<\/p>\n\n\n\n<ul class=\"wp-block-list\"><li>bei einem Durchschnitt von 2,33 und besser (D, M, E): \u00dcbertritt auf Antrag der Erziehungsberechtigten uneingeschr\u00e4nkt m\u00f6glich<\/li><li>bei einem Durchschnitt von 2,66 und schlechter (D, M, E): Auf Antrag der Erziehungsberechtigten <strong>und<\/strong> Bestehen einer Aufnahmepr\u00fcfung in der letzten Sommerferienwoche<\/li><\/ul>\n<\/div><\/div>\n\n\n\n<div class=\"wp-block-group has-background\" style=\"background-color:#9fa300\"><div class=\"wp-block-group__inner-container is-layout-flow wp-block-group-is-layout-flow\">\n<h2 class=\"wp-block-heading\">\u00dcbertritt in die M 10<\/h2>\n\n\n\n<p>Ihr Kind kann in die 10. Jahrgangsstufe des M-Zuges aufgenommen werden, wenn es folgende Bedingungen erf\u00fcllt:<\/p>\n\n\n\n<ul class=\"wp-block-list\"><li>wenn der qualifizierende Abschluss der Mittelschule mit der Durchschnittsnote 2,33 oder besser (D, M, E) erworben wurde: \u00dcbertritt auf Antrag der Eltern uneingeschr\u00e4nkt m\u00f6glich<\/li><li>wenn der qualifizierende Abschluss der Mittelschule mit der Durchschnittsnote 2,66 und schlechter (D, M, E) erworben wurde: \u00dcbertritt auf Antrag der Eltern <strong>und<\/strong> Bestehen einer Aufnahmepr\u00fcfung, die an der aufnehmenden Schule nach M\u00f6glichkeit noch vor Beginn der Sommerferien durchgef\u00fchrt wird.<\/li><\/ul>\n<\/div><\/div>\n","protected":false},"excerpt":{"rendered":"<p>Der M-Zug bietet die M\u00f6glichkeit bei uns an der Hofecker-Mittelschule die Mittlere Reife zu erhalten. Daf\u00fcr gibt es die sogenannten M-Klassen. Hier finden Sie die \u00dcbertrittsvoraussetzungen f\u00fcr den M-Zug. \u00dcbertritt in die M 7 Ihr Kind kann in die 7. Jahrgangsstufe des M-Zweiges eintreten, wenn es im Zwischenzeugnis oder Jahreszeugnis der Jahrgangsstufe 6 folgende Bedingungen&#8230;<\/p>\n","protected":false},"author":1,"featured_media":0,"parent":0,"menu_order":0,"comment_status":"closed","ping_status":"closed","template":"","meta":{"footnotes":""},"class_list":["post-8479","page","type-page","status-publish","hentry"],"_links":{"self":[{"href":"https:\/\/mittelschule-hofeck.de\/wordpress\/wp-json\/wp\/v2\/pages\/8479","targetHints":{"allow":["GET"]}}],"collection":[{"href":"https:\/\/mittelschule-hofeck.de\/wordpress\/wp-json\/wp\/v2\/pages"}],"about":[{"href":"https:\/\/mittelschule-hofeck.de\/wordpress\/wp-json\/wp\/v2\/types\/page"}],"author":[{"embeddable":true,"href":"https:\/\/mittelschule-hofeck.de\/wordpress\/wp-json\/wp\/v2\/users\/1"}],"replies":[{"embeddable":true,"href":"https:\/\/mittelschule-hofeck.de\/wordpress\/wp-json\/wp\/v2\/comments?post=8479"}],"version-history":[{"count":7,"href":"https:\/\/mittelschule-hofeck.de\/wordpress\/wp-json\/wp\/v2\/pages\/8479\/revisions"}],"predecessor-version":[{"id":8502,"href":"https:\/\/mittelschule-hofeck.de\/wordpress\/wp-json\/wp\/v2\/pages\/8479\/revisions\/8502"}],"wp:attachment":[{"href":"https:\/\/mittelschule-hofeck.de\/wordpress\/wp-json\/wp\/v2\/media?parent=8479"}],"curies":[{"name":"wp","href":"https:\/\/api.w.org\/{rel}","templated":true}]}}