{"id":8215,"date":"2021-07-28T13:48:23","date_gmt":"2021-07-28T12:48:23","guid":{"rendered":"https:\/\/mittelschule-hofeck.de\/wordpress\/?page_id=8215"},"modified":"2026-03-12T14:01:20","modified_gmt":"2026-03-12T13:01:20","slug":"schulhund","status":"publish","type":"page","link":"https:\/\/mittelschule-hofeck.de\/wordpress\/schulhund\/","title":{"rendered":"Schulhund"},"content":{"rendered":"\n<p>Das Projekt Schulhund \u2013 Hunde helfen lernen<\/p>\n\n\n\n<p><br><strong>Warum ein Schulhund?<\/strong><\/p>\n\n\n\n<p>Ein Schulhund kann und soll bei der Arbeit in der Schule sinnvoll und effektiv unterst\u00fctzen, indem er die emotionalen und sozialen Kompetenzen der Kinder und Jugendlichen f\u00f6rdert. Er habt keine Vorurteile, ist ein optimale Zuh\u00f6rer und trainiert die nonverbale Kommunikation. Dadurch kann ein Schulhund das Schulklima verbessern.<\/p>\n\n\n\n<p><strong>Unsere Schulhunde: <\/strong><\/p>\n\n\n\n<p>In der Vergangenheit hat uns bereits Louie, ein Labrador-R\u00fcde, begleitet. Aktuell unterst\u00fctzt uns Stella. Sie befindet sich derzeit noch in der Ausbildung. Nat\u00fcrlich achten wir bei unseren Schulhunden auf die notwendigen Voraussetzungen, Untersuchungen und Ausbildungen, damit sie ihre Aufgabe bei uns erf\u00fcllen k\u00f6nnen.<\/p>\n\n\n\n<p class=\"has-text-align-center has-white-color has-vivid-red-background-color has-text-color has-background has-link-color wp-elements-c2ed16057400a9e3c768d150ba04404a\"><strong>Stella<\/strong><\/p>\n\n\n\n<p>Im Februar 2026 hat Stella ihre Ausbildung zum p\u00e4dagogischen Begleithund erfolgreich abgeschlossen.<\/p>\n\n\n\n<figure class=\"wp-block-gallery has-nested-images columns-default is-cropped wp-block-gallery-1 is-layout-flex wp-block-gallery-is-layout-flex\">\n<figure class=\"wp-block-image size-large\"><img loading=\"lazy\" decoding=\"async\" width=\"666\" height=\"944\" data-id=\"11475\" src=\"https:\/\/mittelschule-hofeck.de\/wordpress\/wp-content\/uploads\/2026\/03\/Stella-Zertifikat.jpg\" alt=\"\" class=\"wp-image-11475\" srcset=\"https:\/\/mittelschule-hofeck.de\/wordpress\/wp-content\/uploads\/2026\/03\/Stella-Zertifikat.jpg 666w, https:\/\/mittelschule-hofeck.de\/wordpress\/wp-content\/uploads\/2026\/03\/Stella-Zertifikat-212x300.jpg 212w, https:\/\/mittelschule-hofeck.de\/wordpress\/wp-content\/uploads\/2026\/03\/Stella-Zertifikat-300x425.jpg 300w\" sizes=\"auto, (max-width: 666px) 100vw, 666px\" \/><\/figure>\n\n\n\n<figure class=\"wp-block-image size-large\"><img loading=\"lazy\" decoding=\"async\" width=\"660\" height=\"938\" data-id=\"11474\" src=\"https:\/\/mittelschule-hofeck.de\/wordpress\/wp-content\/uploads\/2026\/03\/Stella-Eignungspruefung.jpg\" alt=\"\" class=\"wp-image-11474\" srcset=\"https:\/\/mittelschule-hofeck.de\/wordpress\/wp-content\/uploads\/2026\/03\/Stella-Eignungspruefung.jpg 660w, https:\/\/mittelschule-hofeck.de\/wordpress\/wp-content\/uploads\/2026\/03\/Stella-Eignungspruefung-211x300.jpg 211w, https:\/\/mittelschule-hofeck.de\/wordpress\/wp-content\/uploads\/2026\/03\/Stella-Eignungspruefung-300x426.jpg 300w\" sizes=\"auto, (max-width: 660px) 100vw, 660px\" \/><\/figure>\n<\/figure>\n\n\n\n<p>Die bestandene Pr\u00fcfung wurde nat\u00fcrlich gefeiert!<\/p>\n\n\n\n<figure class=\"wp-block-gallery has-nested-images columns-default is-cropped wp-block-gallery-2 is-layout-flex wp-block-gallery-is-layout-flex\">\n<figure class=\"wp-block-image size-large\"><img loading=\"lazy\" decoding=\"async\" width=\"1024\" height=\"768\" data-id=\"11500\" src=\"https:\/\/mittelschule-hofeck.de\/wordpress\/wp-content\/uploads\/2026\/03\/2026-Feier-Stella-2-1-1024x768.jpg\" alt=\"\" class=\"wp-image-11500\" srcset=\"https:\/\/mittelschule-hofeck.de\/wordpress\/wp-content\/uploads\/2026\/03\/2026-Feier-Stella-2-1-1024x768.jpg 1024w, https:\/\/mittelschule-hofeck.de\/wordpress\/wp-content\/uploads\/2026\/03\/2026-Feier-Stella-2-1-300x225.jpg 300w, https:\/\/mittelschule-hofeck.de\/wordpress\/wp-content\/uploads\/2026\/03\/2026-Feier-Stella-2-1-768x576.jpg 768w, https:\/\/mittelschule-hofeck.de\/wordpress\/wp-content\/uploads\/2026\/03\/2026-Feier-Stella-2-1-1536x1152.jpg 1536w, https:\/\/mittelschule-hofeck.de\/wordpress\/wp-content\/uploads\/2026\/03\/2026-Feier-Stella-2-1-850x637.jpg 850w, https:\/\/mittelschule-hofeck.de\/wordpress\/wp-content\/uploads\/2026\/03\/2026-Feier-Stella-2-1.jpg 1999w\" sizes=\"auto, (max-width: 1024px) 100vw, 1024px\" \/><\/figure>\n\n\n\n<figure class=\"wp-block-image size-large\"><img loading=\"lazy\" decoding=\"async\" width=\"1024\" height=\"768\" data-id=\"11501\" src=\"https:\/\/mittelschule-hofeck.de\/wordpress\/wp-content\/uploads\/2026\/03\/2026-Feier-Stella-1-1-1024x768.jpg\" alt=\"\" class=\"wp-image-11501\" srcset=\"https:\/\/mittelschule-hofeck.de\/wordpress\/wp-content\/uploads\/2026\/03\/2026-Feier-Stella-1-1-1024x768.jpg 1024w, https:\/\/mittelschule-hofeck.de\/wordpress\/wp-content\/uploads\/2026\/03\/2026-Feier-Stella-1-1-300x225.jpg 300w, https:\/\/mittelschule-hofeck.de\/wordpress\/wp-content\/uploads\/2026\/03\/2026-Feier-Stella-1-1-768x576.jpg 768w, https:\/\/mittelschule-hofeck.de\/wordpress\/wp-content\/uploads\/2026\/03\/2026-Feier-Stella-1-1-1536x1152.jpg 1536w, https:\/\/mittelschule-hofeck.de\/wordpress\/wp-content\/uploads\/2026\/03\/2026-Feier-Stella-1-1-850x637.jpg 850w, https:\/\/mittelschule-hofeck.de\/wordpress\/wp-content\/uploads\/2026\/03\/2026-Feier-Stella-1-1.jpg 1999w\" sizes=\"auto, (max-width: 1024px) 100vw, 1024px\" \/><\/figure>\n<\/figure>\n\n\n\n<p><strong>Hallo liebe Hofecker Schulfamilie,<\/strong><\/p>\n\n\n\n<p><br>darf ich mich vorstellen?<br>Mein Name ist Stella und ich bin eine Mini Australien Shepard H\u00fcndin. Zum jetzigen Zeitpunkt bin ich gerade 10 Wochen alt. Mein Frauchen ist Fr. Pohl (Jugendsozialarbeit an Schulen) und ich darf sie nun jeden Tag in ihr B\u00fcro begleiten.<br>Ich muss noch viel lernen und daher bin ich nur mit da und noch nicht bereit f\u00fcr Streicheleinheiten. Ich muss noch so vieles kennen lernen, z. B. dass mein Spiegelbild kein anderer Hund ist und ich nicht bellen oder knurren muss.<br>In meiner Gegenwart w\u00e4re es sch\u00f6n, wenn ihr nicht so schreien w\u00fcrdet, denn ich habe empfindliche Ohren.<\/p>\n\n\n\n<p><br>Ihr werdet mich sicher auch des \u00d6fteren einmal laufen sehen, denn ich brauche ein bisschen Bewegung und muss mir die Welt erschn\u00fcffeln, damit ich alles kennenlerne. Mein Frauchen m\u00f6chte gerne mit mir eine Ausbildung als Therapiehund machen. Daf\u00fcr muss ich gute Erfahrungen machen und hier alles ganz in Ruhe kennenlernen.<\/p>\n\n\n\n<p>Man sieht sich sicher mal\u2026<\/p>\n\n\n\n<p>Wer Fragen hat, wendet sich einfach an Fr. Pohl im Zimmer 355 oder unter 09281\/815-3129, Mobil 01713607061<\/p>\n\n\n\n<figure class=\"wp-block-image size-full\"><img decoding=\"async\" src=\"https:\/\/mittelschule-hofeck.de\/wordpress\/wp-content\/uploads\/2021\/07\/Pfote.jpg\" alt=\"\" class=\"wp-image-8218\"\/><\/figure>\n\n\n\n<hr class=\"wp-block-separator has-alpha-channel-opacity\"\/>\n\n\n\n<p class=\"has-text-align-center has-cyan-bluish-gray-color has-vivid-red-background-color has-text-color has-background has-link-color wp-elements-7c9481b7617d4c6362c73f96bb6789b3\"><strong>Konzept Schulhund<\/strong><\/p>\n\n\n\n<p>Nicht jeder Hund ist auch ein Schulhund. Deshalb haben wir ein Konzept erstellt, das genau definiert, was Stella haben muss, damit sie ihre Aufgabe gut meistern kann:<\/p>\n\n\n\n<div data-wp-interactive=\"core\/file\" class=\"wp-block-file\"><object data-wp-bind--hidden=\"!state.hasPdfPreview\" hidden class=\"wp-block-file__embed\" data=\"https:\/\/mittelschule-hofeck.de\/wordpress\/wp-content\/uploads\/2024\/02\/08-Konzept-Schulhund.pdf\" type=\"application\/pdf\" style=\"width:100%;height:600px\" aria-label=\"Einbettung von 08-Konzept-Schulhund.\"><\/object><a id=\"wp-block-file--media-00d64485-afa7-4a26-8674-40f304b686df\" href=\"https:\/\/mittelschule-hofeck.de\/wordpress\/wp-content\/uploads\/2024\/02\/08-Konzept-Schulhund.pdf\">08-Konzept-Schulhund<\/a><a href=\"https:\/\/mittelschule-hofeck.de\/wordpress\/wp-content\/uploads\/2024\/02\/08-Konzept-Schulhund.pdf\" class=\"wp-block-file__button wp-element-button\" download aria-describedby=\"wp-block-file--media-00d64485-afa7-4a26-8674-40f304b686df\">Herunterladen<\/a><\/div>\n","protected":false},"excerpt":{"rendered":"<p>Das Projekt Schulhund \u2013 Hunde helfen lernen Warum ein Schulhund? Ein Schulhund kann und soll bei der Arbeit in der Schule sinnvoll und effektiv unterst\u00fctzen, indem er die emotionalen und sozialen Kompetenzen der Kinder und Jugendlichen f\u00f6rdert. Er habt keine Vorurteile, ist ein optimale Zuh\u00f6rer und trainiert die nonverbale Kommunikation. Dadurch kann ein Schulhund das&#8230;<\/p>\n","protected":false},"author":1,"featured_media":9848,"parent":0,"menu_order":0,"comment_status":"closed","ping_status":"closed","template":"","meta":{"footnotes":""},"class_list":["post-8215","page","type-page","status-publish","has-post-thumbnail","hentry"],"_links":{"self":[{"href":"https:\/\/mittelschule-hofeck.de\/wordpress\/wp-json\/wp\/v2\/pages\/8215","targetHints":{"allow":["GET"]}}],"collection":[{"href":"https:\/\/mittelschule-hofeck.de\/wordpress\/wp-json\/wp\/v2\/pages"}],"about":[{"href":"https:\/\/mittelschule-hofeck.de\/wordpress\/wp-json\/wp\/v2\/types\/page"}],"author":[{"embeddable":true,"href":"https:\/\/mittelschule-hofeck.de\/wordpress\/wp-json\/wp\/v2\/users\/1"}],"replies":[{"embeddable":true,"href":"https:\/\/mittelschule-hofeck.de\/wordpress\/wp-json\/wp\/v2\/comments?post=8215"}],"version-history":[{"count":17,"href":"https:\/\/mittelschule-hofeck.de\/wordpress\/wp-json\/wp\/v2\/pages\/8215\/revisions"}],"predecessor-version":[{"id":11503,"href":"https:\/\/mittelschule-hofeck.de\/wordpress\/wp-json\/wp\/v2\/pages\/8215\/revisions\/11503"}],"wp:featuredmedia":[{"embeddable":true,"href":"https:\/\/mittelschule-hofeck.de\/wordpress\/wp-json\/wp\/v2\/media\/9848"}],"wp:attachment":[{"href":"https:\/\/mittelschule-hofeck.de\/wordpress\/wp-json\/wp\/v2\/media?parent=8215"}],"curies":[{"name":"wp","href":"https:\/\/api.w.org\/{rel}","templated":true}]}}