{"id":2918,"date":"2020-01-26T12:01:18","date_gmt":"2020-01-26T11:01:18","guid":{"rendered":"https:\/\/mittelschule-hofeck.de\/wordpress\/?page_id=2918"},"modified":"2023-02-09T13:29:12","modified_gmt":"2023-02-09T12:29:12","slug":"das-bayerische-schulsystem","status":"publish","type":"page","link":"https:\/\/mittelschule-hofeck.de\/wordpress\/das-bayerische-schulsystem\/","title":{"rendered":"Das bayerische Schulsystem"},"content":{"rendered":"\n<p>Im Folgenden erhalten Sie einen \u00dcberblick \u00fcber das bayerische Schulsystem.<\/p>\n\n\n\n<p>Der Besuch der Mittelschule bietet Ihrem Kind im Anschluss vielf\u00e4ltige M\u00f6glichkeiten bis hin zur Hochschulreife.<\/p>\n\n\n\n<p><strong>Hier finden Sie Informationen in vielen Sprachen:<\/strong><\/p>\n\n\n\n<div class=\"wp-block-file\"><a id=\"wp-block-file--media-144b936e-471d-47b5-a924-4db60bf4aa7c\" href=\"https:\/\/mittelschule-hofeck.de\/wordpress\/wp-content\/uploads\/2023\/02\/Schulsystem_Infoblatt_Arabisch.pdf\">Schulsystem_Infoblatt_Arabisch<\/a><a href=\"https:\/\/mittelschule-hofeck.de\/wordpress\/wp-content\/uploads\/2023\/02\/Schulsystem_Infoblatt_Arabisch.pdf\" class=\"wp-block-file__button wp-element-button\" download aria-describedby=\"wp-block-file--media-144b936e-471d-47b5-a924-4db60bf4aa7c\">Herunterladen<\/a><\/div>\n\n\n\n<div class=\"wp-block-file\"><a id=\"wp-block-file--media-e23045cd-35cd-4a9d-be2a-fb4ad751e5aa\" href=\"https:\/\/mittelschule-hofeck.de\/wordpress\/wp-content\/uploads\/2023\/02\/Schulsystem_Infoblatt_Ukrainisch.pdf\">Schulsystem_Infoblatt_Ukrainisch<\/a><a href=\"https:\/\/mittelschule-hofeck.de\/wordpress\/wp-content\/uploads\/2023\/02\/Schulsystem_Infoblatt_Ukrainisch.pdf\" class=\"wp-block-file__button wp-element-button\" download aria-describedby=\"wp-block-file--media-e23045cd-35cd-4a9d-be2a-fb4ad751e5aa\">Herunterladen<\/a><\/div>\n\n\n\n<div class=\"wp-block-file\"><a id=\"wp-block-file--media-58e540c0-15d3-475d-b7dc-5df3f67b7266\" href=\"https:\/\/mittelschule-hofeck.de\/wordpress\/wp-content\/uploads\/2023\/02\/Schulsystem_Infoblatt_Tuerkisch.pdf\">Schulsystem_Infoblatt_T\u00fcrkisch<\/a><a href=\"https:\/\/mittelschule-hofeck.de\/wordpress\/wp-content\/uploads\/2023\/02\/Schulsystem_Infoblatt_Tuerkisch.pdf\" class=\"wp-block-file__button wp-element-button\" download aria-describedby=\"wp-block-file--media-58e540c0-15d3-475d-b7dc-5df3f67b7266\">Herunterladen<\/a><\/div>\n\n\n\n<div class=\"wp-block-file\"><a id=\"wp-block-file--media-ec397108-3301-4353-9ddd-6e818dd8c586\" href=\"https:\/\/mittelschule-hofeck.de\/wordpress\/wp-content\/uploads\/2023\/02\/Schulsystem_Infoblatt_Tschechisch.pdf\">Schulsystem_Infoblatt_Tschechisch<\/a><a href=\"https:\/\/mittelschule-hofeck.de\/wordpress\/wp-content\/uploads\/2023\/02\/Schulsystem_Infoblatt_Tschechisch.pdf\" class=\"wp-block-file__button wp-element-button\" download aria-describedby=\"wp-block-file--media-ec397108-3301-4353-9ddd-6e818dd8c586\">Herunterladen<\/a><\/div>\n\n\n\n<div class=\"wp-block-file\"><a id=\"wp-block-file--media-add0f74c-c77b-4f3a-b4f3-bb0c43463a16\" href=\"https:\/\/mittelschule-hofeck.de\/wordpress\/wp-content\/uploads\/2023\/02\/Schulsystem_Infoblatt_Spanisch.pdf\">Schulsystem_Infoblatt_Spanisch<\/a><a href=\"https:\/\/mittelschule-hofeck.de\/wordpress\/wp-content\/uploads\/2023\/02\/Schulsystem_Infoblatt_Spanisch.pdf\" class=\"wp-block-file__button wp-element-button\" download aria-describedby=\"wp-block-file--media-add0f74c-c77b-4f3a-b4f3-bb0c43463a16\">Herunterladen<\/a><\/div>\n\n\n\n<div class=\"wp-block-file\"><a id=\"wp-block-file--media-0204517b-9e94-4c15-bd05-f10bac87d103\" href=\"https:\/\/mittelschule-hofeck.de\/wordpress\/wp-content\/uploads\/2023\/02\/Schulsystem_Infoblatt_Russisch.pdf\">Schulsystem_Infoblatt_Russisch<\/a><a href=\"https:\/\/mittelschule-hofeck.de\/wordpress\/wp-content\/uploads\/2023\/02\/Schulsystem_Infoblatt_Russisch.pdf\" class=\"wp-block-file__button wp-element-button\" download aria-describedby=\"wp-block-file--media-0204517b-9e94-4c15-bd05-f10bac87d103\">Herunterladen<\/a><\/div>\n\n\n\n<div class=\"wp-block-file\"><a id=\"wp-block-file--media-e1e78cd7-b860-46e9-a2d3-64dd95737edd\" href=\"https:\/\/mittelschule-hofeck.de\/wordpress\/wp-content\/uploads\/2023\/02\/Schulsystem_Infoblatt_Italienisch.pdf\">Schulsystem_Infoblatt_Italienisch<\/a><a href=\"https:\/\/mittelschule-hofeck.de\/wordpress\/wp-content\/uploads\/2023\/02\/Schulsystem_Infoblatt_Italienisch.pdf\" class=\"wp-block-file__button wp-element-button\" download aria-describedby=\"wp-block-file--media-e1e78cd7-b860-46e9-a2d3-64dd95737edd\">Herunterladen<\/a><\/div>\n\n\n\n<div class=\"wp-block-file\"><a id=\"wp-block-file--media-c74bc351-e84b-41ad-ab74-26b5c7998476\" href=\"https:\/\/mittelschule-hofeck.de\/wordpress\/wp-content\/uploads\/2023\/02\/Schulsystem_Infoblatt_Franzoesisch.pdf\">Schulsystem_Infoblatt_Franz\u00f6sisch<\/a><a href=\"https:\/\/mittelschule-hofeck.de\/wordpress\/wp-content\/uploads\/2023\/02\/Schulsystem_Infoblatt_Franzoesisch.pdf\" class=\"wp-block-file__button wp-element-button\" download aria-describedby=\"wp-block-file--media-c74bc351-e84b-41ad-ab74-26b5c7998476\">Herunterladen<\/a><\/div>\n\n\n\n<div class=\"wp-block-file\"><a id=\"wp-block-file--media-41ce4e8a-90f9-4792-8c7a-306fc6af37ae\" href=\"https:\/\/mittelschule-hofeck.de\/wordpress\/wp-content\/uploads\/2023\/02\/Schulsystem_Infoblatt_Englisch.pdf\">Schulsystem_Infoblatt_Englisch<\/a><a href=\"https:\/\/mittelschule-hofeck.de\/wordpress\/wp-content\/uploads\/2023\/02\/Schulsystem_Infoblatt_Englisch.pdf\" class=\"wp-block-file__button wp-element-button\" download aria-describedby=\"wp-block-file--media-41ce4e8a-90f9-4792-8c7a-306fc6af37ae\">Herunterladen<\/a><\/div>\n\n\n\n<div class=\"wp-block-file\"><a id=\"wp-block-file--media-ae4218f1-0e75-42a3-8030-f588611cde2c\" href=\"https:\/\/mittelschule-hofeck.de\/wordpress\/wp-content\/uploads\/2023\/02\/Schulsystem_Infoblatt_Arabisch.pdf\">Schulsystem_Infoblatt_Arabisch<\/a><a href=\"https:\/\/mittelschule-hofeck.de\/wordpress\/wp-content\/uploads\/2023\/02\/Schulsystem_Infoblatt_Arabisch.pdf\" class=\"wp-block-file__button wp-element-button\" download aria-describedby=\"wp-block-file--media-ae4218f1-0e75-42a3-8030-f588611cde2c\">Herunterladen<\/a><\/div>\n\n\n\n<figure class=\"wp-block-image size-large\"><img loading=\"lazy\" decoding=\"async\" width=\"557\" height=\"1024\" src=\"https:\/\/mittelschule-hofeck.de\/wordpress\/wp-content\/uploads\/2020\/01\/grafik_schulsystem_250613_gr-557x1024.jpg\" alt=\"\" class=\"wp-image-2919\" srcset=\"https:\/\/mittelschule-hofeck.de\/wordpress\/wp-content\/uploads\/2020\/01\/grafik_schulsystem_250613_gr-557x1024.jpg 557w, https:\/\/mittelschule-hofeck.de\/wordpress\/wp-content\/uploads\/2020\/01\/grafik_schulsystem_250613_gr-163x300.jpg 163w, https:\/\/mittelschule-hofeck.de\/wordpress\/wp-content\/uploads\/2020\/01\/grafik_schulsystem_250613_gr-768x1411.jpg 768w, https:\/\/mittelschule-hofeck.de\/wordpress\/wp-content\/uploads\/2020\/01\/grafik_schulsystem_250613_gr-836x1536.jpg 836w, https:\/\/mittelschule-hofeck.de\/wordpress\/wp-content\/uploads\/2020\/01\/grafik_schulsystem_250613_gr-1115x2048.jpg 1115w, https:\/\/mittelschule-hofeck.de\/wordpress\/wp-content\/uploads\/2020\/01\/grafik_schulsystem_250613_gr-scaled.jpg 1394w\" sizes=\"auto, (max-width: 557px) 100vw, 557px\" \/><figcaption class=\"wp-element-caption\">Quelle: https:\/\/www.km.bayern.de\/schueler\/schularten.html<\/figcaption><\/figure>\n","protected":false},"excerpt":{"rendered":"<p>Im Folgenden erhalten Sie einen \u00dcberblick \u00fcber das bayerische Schulsystem. Der Besuch der Mittelschule bietet Ihrem Kind im Anschluss vielf\u00e4ltige M\u00f6glichkeiten bis hin zur Hochschulreife. Hier finden Sie Informationen in vielen Sprachen:<\/p>\n","protected":false},"author":1,"featured_media":0,"parent":0,"menu_order":0,"comment_status":"closed","ping_status":"closed","template":"","meta":{"footnotes":""},"class_list":["post-2918","page","type-page","status-publish","hentry"],"_links":{"self":[{"href":"https:\/\/mittelschule-hofeck.de\/wordpress\/wp-json\/wp\/v2\/pages\/2918","targetHints":{"allow":["GET"]}}],"collection":[{"href":"https:\/\/mittelschule-hofeck.de\/wordpress\/wp-json\/wp\/v2\/pages"}],"about":[{"href":"https:\/\/mittelschule-hofeck.de\/wordpress\/wp-json\/wp\/v2\/types\/page"}],"author":[{"embeddable":true,"href":"https:\/\/mittelschule-hofeck.de\/wordpress\/wp-json\/wp\/v2\/users\/1"}],"replies":[{"embeddable":true,"href":"https:\/\/mittelschule-hofeck.de\/wordpress\/wp-json\/wp\/v2\/comments?post=2918"}],"version-history":[{"count":4,"href":"https:\/\/mittelschule-hofeck.de\/wordpress\/wp-json\/wp\/v2\/pages\/2918\/revisions"}],"predecessor-version":[{"id":9576,"href":"https:\/\/mittelschule-hofeck.de\/wordpress\/wp-json\/wp\/v2\/pages\/2918\/revisions\/9576"}],"wp:attachment":[{"href":"https:\/\/mittelschule-hofeck.de\/wordpress\/wp-json\/wp\/v2\/media?parent=2918"}],"curies":[{"name":"wp","href":"https:\/\/api.w.org\/{rel}","templated":true}]}}