{"id":2663,"date":"2019-11-01T12:52:04","date_gmt":"2019-11-01T10:52:04","guid":{"rendered":"https:\/\/mittelschule-hofeck.de\/wordpress\/?page_id=2663"},"modified":"2026-03-26T14:30:42","modified_gmt":"2026-03-26T13:30:42","slug":"pruefung","status":"publish","type":"page","link":"https:\/\/mittelschule-hofeck.de\/wordpress\/pruefung\/","title":{"rendered":"Pr\u00fcfung 2026"},"content":{"rendered":"\n<p class=\"has-text-align-center has-cyan-bluish-gray-color has-vivid-red-background-color has-text-color has-background\"><strong>Externe Teilnehmer am Quali:<\/strong><\/p>\n\n\n\n<p>!!! Am Freitag, <strong>17.04.2026, 13.00 Uhr<\/strong> findet f\u00fcr externe Teilnehmer eine Infoveranstaltung statt. <\/p>\n\n\n\n<p class=\"has-black-color has-cyan-bluish-gray-background-color has-text-color has-background has-link-color wp-elements-6811247b8b816aa3aed2fc999765204d\">!!! Die Pr\u00fcfungstermine finden Sie auf dieser Seite unten. Individuelle Pr\u00fcfungstermine f\u00fcr DAZ m\u00fcndlich und Englisch m\u00fcndlich m\u00fcssen <strong>eine Woche vorher <mark style=\"background-color:rgba(0, 0, 0, 0)\" class=\"has-inline-color has-vivid-red-color\">selbst <\/mark>in der Verwaltung der Schule erfragt<\/strong> werden. Daf\u00fcr k\u00f6nnen Sie in der Zeit von 8.00 Uhr bis 13.00 Uhr anrufen. Alle schriftlichen Termine beginnen 8.00 Uhr. Bitte bringen Sie zur Pr\u00fcfung einen Ausweis mit. !!!<\/p>\n\n\n\n<p><\/p>\n\n\n\n<p>Um als <strong>externer Teilnehmer <\/strong>an der Pr\u00fcfung zum Qualifizierenden Abschluss der Mittelschule teilnehmen zu k\u00f6nnen, m\u00fcssen Sie sich <strong>bis <\/strong>zum <strong>01.03.2026<\/strong> bei uns <strong>anmelden<\/strong>.<\/p>\n\n\n\n<p><\/p>\n\n\n\n<div class=\"wp-block-buttons is-content-justification-center is-layout-flex wp-container-core-buttons-is-layout-16018d1d wp-block-buttons-is-layout-flex\">\n<div class=\"wp-block-button\"><a class=\"wp-block-button__link wp-element-button\" href=\"https:\/\/hofecker-mittelschule.edupage.org\/register\/?eqa=d2hhdD1mb3JtJm5yPTI%3D\" target=\"_blank\" rel=\"noreferrer noopener\"><strong>Voranmeldung<\/strong> zum Quali 2026 f\u00fcr externe Teilnehmer<\/a><\/div>\n<\/div>\n\n\n\n<div style=\"height:21px\" aria-hidden=\"true\" class=\"wp-block-spacer\"><\/div>\n\n\n\n<p class=\"has-vivid-red-color has-text-color has-link-color wp-elements-ea325aa1e67bcb0ac28c3cb97ead8b12\">Bitte unbedingt <strong>zus\u00e4tzlich<\/strong> die untenstehenden Unterlagen in der Schule zeitnah vorlegen!<\/p>\n\n\n\n<p>Hier finden Sie alle notwendigen Unterlagen:<\/p>\n\n\n\n<div class=\"wp-block-file\"><a id=\"wp-block-file--media-4c0c8c3d-f63b-4de7-b898-1ccf562ff795\" href=\"https:\/\/mittelschule-hofeck.de\/wordpress\/wp-content\/uploads\/2025\/01\/QA_Info-Teilnahme-anderer-Bewerber-ab-2025.pdf\">1. allgemeine-Info-Teilnahme-anderer-Bewerber-QA_ab2025<\/a><a href=\"https:\/\/mittelschule-hofeck.de\/wordpress\/wp-content\/uploads\/2025\/01\/QA_Info-Teilnahme-anderer-Bewerber-ab-2025.pdf\" class=\"wp-block-file__button wp-element-button\" download aria-describedby=\"wp-block-file--media-4c0c8c3d-f63b-4de7-b898-1ccf562ff795\">Herunterladen<\/a><\/div>\n\n\n\n<div class=\"wp-block-file\"><a id=\"wp-block-file--media-187439bf-eff1-47a6-b234-f8f7a547f0c2\" href=\"https:\/\/mittelschule-hofeck.de\/wordpress\/wp-content\/uploads\/2026\/01\/2026-Anmeldung-Quali-etxerne-Teilnehmer.pdf\">2. Anmeldung Quali externe Teilnehmer 2026<\/a><a href=\"https:\/\/mittelschule-hofeck.de\/wordpress\/wp-content\/uploads\/2026\/01\/2026-Anmeldung-Quali-etxerne-Teilnehmer.pdf\" class=\"wp-block-file__button wp-element-button\" download aria-describedby=\"wp-block-file--media-187439bf-eff1-47a6-b234-f8f7a547f0c2\">Herunterladen<\/a><\/div>\n\n\n\n<div class=\"wp-block-file\"><a id=\"wp-block-file--media-75a9ef7d-2739-41f7-9fb9-cbbcad22b42c\" href=\"https:\/\/mittelschule-hofeck.de\/wordpress\/wp-content\/uploads\/2024\/01\/wichtige-Infos-zur-Anmeldung-externe-Teilnehmer-QA.pdf\">3. wichtige-Infos-zur-Anmeldung-externe-Teilnehmer-QA<\/a><a href=\"https:\/\/mittelschule-hofeck.de\/wordpress\/wp-content\/uploads\/2024\/01\/wichtige-Infos-zur-Anmeldung-externe-Teilnehmer-QA.pdf\" class=\"wp-block-file__button wp-element-button\" download aria-describedby=\"wp-block-file--media-75a9ef7d-2739-41f7-9fb9-cbbcad22b42c\">Herunterladen<\/a><\/div>\n\n\n\n<div class=\"wp-block-file\"><a id=\"wp-block-file--media-fc120735-1fd1-4fe5-9564-5b3ff8c06bb0\" href=\"https:\/\/mittelschule-hofeck.de\/wordpress\/wp-content\/uploads\/2022\/02\/Zusatz-zur-Anmeldung-Quali-fuer-Externe.pdf\">4. Hinweis-Vers\u00e4umnis-oder-Krankheit-Quali-fuer-Externe<\/a><a href=\"https:\/\/mittelschule-hofeck.de\/wordpress\/wp-content\/uploads\/2022\/02\/Zusatz-zur-Anmeldung-Quali-fuer-Externe.pdf\" class=\"wp-block-file__button wp-element-button\" download aria-describedby=\"wp-block-file--media-fc120735-1fd1-4fe5-9564-5b3ff8c06bb0\">Herunterladen<\/a><\/div>\n\n\n\n<div class=\"wp-block-file\"><a id=\"wp-block-file--media-9fd142d2-2a2a-41a5-8bd2-cd173007516d\" href=\"https:\/\/mittelschule-hofeck.de\/wordpress\/wp-content\/uploads\/2025\/01\/QA_Sportzettel_ab-2025.pdf\">5a Sportzettel_ab 2025<\/a><a href=\"https:\/\/mittelschule-hofeck.de\/wordpress\/wp-content\/uploads\/2025\/01\/QA_Sportzettel_ab-2025.pdf\" class=\"wp-block-file__button wp-element-button\" download aria-describedby=\"wp-block-file--media-9fd142d2-2a2a-41a5-8bd2-cd173007516d\">Herunterladen<\/a><\/div>\n\n\n\n<div class=\"wp-block-file\"><a id=\"wp-block-file--media-872d1aa6-5dee-4f42-a00e-546e1fb1a1b8\" href=\"https:\/\/mittelschule-hofeck.de\/wordpress\/wp-content\/uploads\/2022\/02\/Uebersicht_QA_MSA_Pruefungsfach_nichtdeutsche_Muttersprache.pdf\">5b \u00dcbersicht-Pr\u00fcfungsfach-nichtdeutsche-Muttersprache<\/a><a href=\"https:\/\/mittelschule-hofeck.de\/wordpress\/wp-content\/uploads\/2022\/02\/Uebersicht_QA_MSA_Pruefungsfach_nichtdeutsche_Muttersprache.pdf\" class=\"wp-block-file__button wp-element-button\" download aria-describedby=\"wp-block-file--media-872d1aa6-5dee-4f42-a00e-546e1fb1a1b8\">Herunterladen<\/a><\/div>\n\n\n\n<div style=\"height:0px\" aria-hidden=\"true\" class=\"wp-block-spacer\"><\/div>\n\n\n\n<p class=\"has-text-align-center has-cyan-bluish-gray-color has-vivid-red-background-color has-text-color has-background\"><strong>So kann man sich auf den Quali vorbereiten:<\/strong><\/p>\n\n\n\n<p><strong>Sie k\u00f6nnen sich zur Pr\u00fcfungsvorbereitung die genutzten Schulb\u00fccher ausleihen. Bitte melden Sie sich daf\u00fcr per Mail oder telefonisch bei uns.<\/strong><\/p>\n\n\n\n<p><strong><mark style=\"background-color:rgba(0, 0, 0, 0)\" class=\"has-inline-color has-vivid-red-color\">Sammlung Muster-Pr\u00fcfungsaufgaben in Mebis:<\/mark><\/strong><\/p>\n\n\n\n<div class=\"wp-block-buttons is-layout-flex wp-block-buttons-is-layout-flex\">\n<div class=\"wp-block-button\"><a class=\"wp-block-button__link wp-element-button\" href=\"https:\/\/archiv.bycs.de\/edu-sharing\/components\/search?filters=%7B%22ccm:examination_type%22:%5B%22Quali%22%5D,%22ccm:examination_context%22:%5B%22MS%22%5D,%22ccm:examination_discipline%22:%5B%22M%22%5D%7D\" target=\"_blank\" rel=\"noreferrer noopener\">Quali Mathematik <\/a><\/div>\n\n\n\n<div class=\"wp-block-button\"><a class=\"wp-block-button__link wp-element-button\" href=\"https:\/\/archiv.bycs.de\/edu-sharing\/components\/search?filters=%7B%22ccm:examination_type%22:%5B%22Quali%22%5D,%22ccm:examination_context%22:%5B%22MS%22%5D,%22ccm:examination_discipline%22:%5B%22D%22%5D%7D\" target=\"_blank\" rel=\"noreferrer noopener\">Quali Deutsch<\/a><\/div>\n\n\n\n<div class=\"wp-block-button\"><a class=\"wp-block-button__link wp-element-button\" href=\"https:\/\/archiv.bycs.de\/edu-sharing\/components\/search?filters=%7B%22ccm:examination_type%22:%5B%22Quali%22%5D,%22ccm:examination_context%22:%5B%22MS%22%5D,%22ccm:examination_discipline%22:%5B%22DaZ%22%5D%7D\" target=\"_blank\" rel=\"noreferrer noopener\">Quali DaZ<\/a><\/div>\n\n\n\n<div class=\"wp-block-button\"><a class=\"wp-block-button__link wp-element-button\" href=\"https:\/\/archiv.bycs.de\/edu-sharing\/components\/search?filters=%7B%22ccm:examination_type%22:%5B%22Quali%22%5D,%22ccm:examination_context%22:%5B%22MS%22%5D,%22ccm:examination_discipline%22:%5B%22Musp%22%5D%7D\" target=\"_blank\" rel=\"noreferrer noopener\">Quali Muttersprache<\/a><\/div>\n\n\n\n<div class=\"wp-block-button\"><a class=\"wp-block-button__link wp-element-button\" href=\"https:\/\/archiv.bycs.de\/edu-sharing\/components\/search?filters=%7B%22ccm:examination_type%22:%5B%22Quali%22%5D,%22ccm:examination_context%22:%5B%22MS%22%5D,%22ccm:examination_discipline%22:%5B%22E%22%5D%7D\" target=\"_blank\" rel=\"noreferrer noopener\">Quali Englisch<\/a><\/div>\n<\/div>\n\n\n\n<hr class=\"wp-block-separator has-alpha-channel-opacity\"\/>\n\n\n\n<p><strong><mark style=\"background-color:rgba(0, 0, 0, 0)\" class=\"has-inline-color has-vivid-red-color\">Sammlung Pr\u00fcfungsvorbereitung des ISB:<\/mark><\/strong><\/p>\n\n\n\n<div class=\"wp-block-buttons is-layout-flex wp-block-buttons-is-layout-flex\">\n<div class=\"wp-block-button\"><a class=\"wp-block-button__link wp-element-button\" href=\"https:\/\/www.isb.bayern.de\/schularten\/mittelschule\/qualifizierender-abschluss\/mathematik\/\" target=\"_blank\" rel=\"noreferrer noopener\">Quali Mathematik <\/a><\/div>\n\n\n\n<div class=\"wp-block-button\"><a class=\"wp-block-button__link wp-element-button\" href=\"https:\/\/www.isb.bayern.de\/schularten\/mittelschule\/qualifizierender-abschluss\/deutsch\/\" target=\"_blank\" rel=\"noreferrer noopener\">Quali Deutsch<\/a><\/div>\n\n\n\n<div class=\"wp-block-button\"><a class=\"wp-block-button__link wp-element-button\" href=\"https:\/\/www.isb.bayern.de\/schularten\/mittelschule\/qualifizierender-abschluss\/deutsch-als-zweitsprache\/\" target=\"_blank\" rel=\"noreferrer noopener\">Quali DaZ<\/a><\/div>\n\n\n\n<div class=\"wp-block-button\"><a class=\"wp-block-button__link wp-element-button\" href=\"https:\/\/www.isb.bayern.de\/schularten\/mittelschule\/qualifizierender-abschluss\/muttersprache\/\" target=\"_blank\" rel=\"noreferrer noopener\">Quali Muttersprache<\/a><\/div>\n\n\n\n<div class=\"wp-block-button\"><a class=\"wp-block-button__link wp-element-button\" href=\"https:\/\/www.isb.bayern.de\/schularten\/mittelschule\/qualifizierender-abschluss\/englisch\/\" target=\"_blank\" rel=\"noreferrer noopener\">Quali Englisch<\/a><\/div>\n<\/div>\n\n\n\n<p>Au\u00dferdem gibt es von vielen Verlagen Qualitrainer zu kaufen, mit denen du dich gut auf Deutsch\/ Mathe\/ Englisch vorbereiten kannst.<\/p>\n\n\n\n<hr class=\"wp-block-separator has-alpha-channel-opacity\"\/>\n\n\n\n<p><strong><mark style=\"background-color:rgba(0, 0, 0, 0)\" class=\"has-inline-color has-vivid-red-color\">Pr\u00fcfungs\u00fcbersichten:<\/mark><\/strong><\/p>\n\n\n\n<p>In allen F\u00e4chern orientieren wir uns an den Inhalten des <a href=\"https:\/\/www.lehrplanplus.bayern.de\/schulart\/mittelschule\/inhalt\/fachlehrplaene?w_schulart=mittelschule&amp;wt_1=schulart\"><strong>LehrplanPLUS<\/strong><\/a> der Mittelschule, Jahrgangsstufe 9.<\/p>\n\n\n\n<div class=\"wp-block-buttons is-content-justification-left is-layout-flex wp-container-core-buttons-is-layout-fdcfc74e wp-block-buttons-is-layout-flex\">\n<div class=\"wp-block-button\"><a class=\"wp-block-button__link wp-element-button\" href=\"https:\/\/mittelschule-hofeck.de\/wordpress\/wp-content\/uploads\/2025\/01\/Info-Quali-DaZ.pdf\">DaZ<\/a><\/div>\n\n\n\n<div class=\"wp-block-button\"><a class=\"wp-block-button__link wp-element-button\" href=\"https:\/\/mittelschule-hofeck.de\/wordpress\/wp-content\/uploads\/2025\/01\/Pruefungsuebersicht-Quali-Englisch.pdf\">Englisch<\/a><\/div>\n\n\n\n<div class=\"wp-block-button\"><a class=\"wp-block-button__link wp-element-button\" href=\"https:\/\/mittelschule-hofeck.de\/wordpress\/wp-content\/uploads\/2025\/03\/Info-Quali-E-muendlich.pdf\">Englisch m\u00fcndl.<\/a><\/div>\n\n\n\n<div class=\"wp-block-button\"><a class=\"wp-block-button__link wp-element-button\" href=\"https:\/\/mittelschule-hofeck.de\/wordpress\/wp-content\/uploads\/2025\/01\/Lernskrit-Quali-NT-1.pdf\">NT<\/a><\/div>\n\n\n\n<div class=\"wp-block-button\"><a class=\"wp-block-button__link wp-element-button\" href=\"https:\/\/mittelschule-hofeck.de\/wordpress\/wp-content\/uploads\/2025\/03\/Lernskrit-Quali-GPG-Stand-03-2025.pdf\">GPG<\/a><\/div>\n\n\n\n<div class=\"wp-block-button\"><a class=\"wp-block-button__link wp-element-button\" href=\"https:\/\/mittelschule-hofeck.de\/wordpress\/wp-content\/uploads\/2025\/01\/Lernskrit-Quali-WiK.pdf\">Projektpr\u00fcfung WiK<\/a><\/div>\n\n\n\n<div class=\"wp-block-button\"><a class=\"wp-block-button__link wp-element-button\" href=\"https:\/\/mittelschule-hofeck.de\/wordpress\/wp-content\/uploads\/2025\/01\/Lernskrit-Quali-Technik.pdf\">Projektpr\u00fcfung Technik<\/a><\/div>\n\n\n\n<div class=\"wp-block-button\"><a class=\"wp-block-button__link wp-element-button\" href=\"https:\/\/mittelschule-hofeck.de\/wordpress\/wp-content\/uploads\/2026\/03\/Infos-Quali-Projektpruefung-WIB-ES.pdf\">Projektpr\u00fcfung ES<\/a><\/div>\n\n\n\n<div class=\"wp-block-button\"><a class=\"wp-block-button__link wp-element-button\" href=\"https:\/\/mittelschule-hofeck.de\/wordpress\/wp-content\/uploads\/2025\/03\/Projektpruefung_-Ernaehrung-und-Soziales-.pdf\">Projektpr\u00fcfung Erl\u00e4uterung<\/a><\/div>\n\n\n\n<div class=\"wp-block-button\"><a class=\"wp-block-button__link wp-element-button\" href=\"https:\/\/mittelschule-hofeck.de\/wordpress\/wp-content\/uploads\/2025\/04\/Projektpruefung-Info-ueber-Fehltage.pdf\">Projektpr\u00fcfung Hinweise<\/a><\/div>\n\n\n\n<div class=\"wp-block-button\"><a class=\"wp-block-button__link wp-element-button\" href=\"https:\/\/mittelschule-hofeck.de\/wordpress\/wp-content\/uploads\/2025\/02\/Info-Quali-Sport.pdf\">Sport 1<\/a><\/div>\n\n\n\n<div class=\"wp-block-button\"><a class=\"wp-block-button__link wp-element-button\" href=\"https:\/\/mittelschule-hofeck.de\/wordpress\/wp-content\/uploads\/2025\/02\/Quali_Sport_Skript_Schwimmen-Leichtathletik-Volleyball-Fussball-Basketball.pdf\">Sport 2<\/a><\/div>\n\n\n\n<div class=\"wp-block-button\"><a class=\"wp-block-button__link wp-element-button\" href=\"https:\/\/mittelschule-hofeck.de\/wordpress\/wp-content\/uploads\/2025\/01\/Lernskrit-Quali-Kunst.pdf\">Kunst 1<\/a><\/div>\n\n\n\n<div class=\"wp-block-button\"><a class=\"wp-block-button__link wp-element-button\" href=\"https:\/\/mittelschule-hofeck.de\/wordpress\/wp-content\/uploads\/2025\/02\/Info-Quali-Kunst.pdf\">Kunst 2<\/a><\/div>\n\n\n\n<div class=\"wp-block-button\"><a class=\"wp-block-button__link wp-element-button\" href=\"https:\/\/mittelschule-hofeck.de\/wordpress\/wp-content\/uploads\/2025\/01\/Lernskrit-Quali-Ethik.pdf\">Ethik<\/a><\/div>\n\n\n\n<div class=\"wp-block-button\"><a class=\"wp-block-button__link wp-element-button\" href=\"https:\/\/mittelschule-hofeck.de\/wordpress\/wp-content\/uploads\/2025\/01\/Info-Quali-Musik.pdf\">Musik 1<\/a><\/div>\n\n\n\n<div class=\"wp-block-button\"><a class=\"wp-block-button__link wp-element-button\" href=\"https:\/\/mittelschule-hofeck.de\/wordpress\/wp-content\/uploads\/2025\/03\/Lernskrit-Quali-Musik.pdf\">Musik 2<\/a><\/div>\n\n\n\n<div class=\"wp-block-button\"><a class=\"wp-block-button__link wp-element-button\" href=\"https:\/\/mittelschule-hofeck.de\/wordpress\/wp-content\/uploads\/2025\/01\/Info-Quali-Informatik.pdf\">Informatik<\/a><\/div>\n<\/div>\n\n\n\n<p>F\u00fcr die F\u00e4cher evangelische Religionslehre und katholische Religionslehre schreiben Sie uns bitte an: verwaltung(at)mittelschule-hofeck.de<\/p>\n\n\n\n<hr class=\"wp-block-separator has-alpha-channel-opacity\"\/>\n\n\n\n<p><strong><mark style=\"background-color:rgba(0, 0, 0, 0)\" class=\"has-inline-color has-vivid-red-color\">Zugelassene Hilfsmittel:<\/mark><\/strong><\/p>\n\n\n\n<div class=\"wp-block-group\"><div class=\"wp-block-group__inner-container is-layout-constrained wp-block-group-is-layout-constrained\">\n<div class=\"wp-block-group\"><div class=\"wp-block-group__inner-container is-layout-constrained wp-block-group-is-layout-constrained\">\n<p><strong>Formelsammlung<\/strong> f\u00fcr die bayerische Mittelschule, <strong>Taschenrechner <\/strong>f\u00fcr die bayerische Mittelschule<\/p>\n\n\n\n<p><strong>W\u00f6rterbuch<\/strong> (einsprachig und zweisprachig) in den F\u00e4chern Englisch und Deutsch<\/p>\n\n\n\n<p>muttersprachliches <strong>W\u00f6rterbuch <\/strong>f\u00fcr Sch\u00fcler mit Deutsch als Zweitsprache<\/p>\n<\/div><\/div>\n\n\n\n<p>Die genauen Bestimmungen des KM finden Sie <a href=\"https:\/\/www.verkuendung-bayern.de\/files\/baymbl\/2023\/83\/baymbl-2023-83.pdf\">hier<\/a>.<\/p>\n\n\n\n<p><\/p>\n<\/div><\/div>\n\n\n\n<div style=\"height:48px\" aria-hidden=\"true\" class=\"wp-block-spacer\"><\/div>\n\n\n\n<p class=\"has-text-align-center has-cyan-bluish-gray-color has-vivid-red-background-color has-text-color has-background\"><strong>So werden die Noten berechnet:<\/strong><\/p>\n\n\n\n<p>Notenberechnung f\u00fcr interne Teilnehmer:<\/p>\n\n\n<div class=\"wp-block-image\">\n<figure class=\"aligncenter size-full is-resized\"><a href=\"https:\/\/apps.uschule.de\/quali-rechner\/\" target=\"_blank\" rel=\" noreferrer noopener\"><img loading=\"lazy\" decoding=\"async\" width=\"502\" height=\"603\" src=\"https:\/\/mittelschule-hofeck.de\/wordpress\/wp-content\/uploads\/2025\/01\/Qualirechner-Bild.jpg\" alt=\"\" class=\"wp-image-10739\" style=\"width:252px;height:auto\" srcset=\"https:\/\/mittelschule-hofeck.de\/wordpress\/wp-content\/uploads\/2025\/01\/Qualirechner-Bild.jpg 502w, https:\/\/mittelschule-hofeck.de\/wordpress\/wp-content\/uploads\/2025\/01\/Qualirechner-Bild-250x300.jpg 250w, https:\/\/mittelschule-hofeck.de\/wordpress\/wp-content\/uploads\/2025\/01\/Qualirechner-Bild-300x360.jpg 300w\" sizes=\"auto, (max-width: 502px) 100vw, 502px\" \/><\/a><\/figure>\n<\/div>\n\n\n<div style=\"height:26px\" aria-hidden=\"true\" class=\"wp-block-spacer\"><\/div>\n\n\n\n<p>Notenberechnung \u00dcbersicht interne und externe Teilnehmer:<\/p>\n\n\n\n<figure class=\"wp-block-image size-full\"><img loading=\"lazy\" decoding=\"async\" width=\"843\" height=\"480\" src=\"https:\/\/mittelschule-hofeck.de\/wordpress\/wp-content\/uploads\/2022\/01\/21-22-Quali-Notenbildung.jpg\" alt=\"\" class=\"wp-image-8696\" srcset=\"https:\/\/mittelschule-hofeck.de\/wordpress\/wp-content\/uploads\/2022\/01\/21-22-Quali-Notenbildung.jpg 843w, https:\/\/mittelschule-hofeck.de\/wordpress\/wp-content\/uploads\/2022\/01\/21-22-Quali-Notenbildung-300x171.jpg 300w, https:\/\/mittelschule-hofeck.de\/wordpress\/wp-content\/uploads\/2022\/01\/21-22-Quali-Notenbildung-768x437.jpg 768w\" sizes=\"auto, (max-width: 843px) 100vw, 843px\" \/><\/figure>\n\n\n\n<p class=\"has-text-align-center has-cyan-bluish-gray-color has-vivid-red-background-color has-text-color has-background\"><strong>Pr\u00fcfungstermine f\u00fcr den Qualifizierenden Abschluss der Mittelschule (&#8222;Quali&#8220;), den Mittleren Abschluss der Mittelschule (MiBi\/ Mittlere Reife) und den Praxisklassenabschluss (MSA)<\/strong><\/p>\n\n\n\n<p><strong>Quali<\/strong><\/p>\n\n\n\n<p class=\"has-black-color has-cyan-bluish-gray-background-color has-text-color has-background has-link-color wp-elements-aa71adf9eb05ee195d3df96cb51ac675\">!!! Die Pr\u00fcfungstermine finden Sie in der Datei. Individuelle Pr\u00fcfungstermine f\u00fcr DAZ m\u00fcndlich und Englisch m\u00fcndlich sowie f\u00fcr die Leittextausgabe der Projektpr\u00fcfung m\u00fcssen <strong>eine Woche vorher selbst in der Verwaltung der Schule erfragt<\/strong> werden. Daf\u00fcr k\u00f6nnen Sie in der Zeit von 8.00 Uhr bis 13.00 Uhr anrufen. Alle schriftlichen Termine beginnen 8.00 Uhr. !!!<\/p>\n\n\n\n<figure class=\"wp-block-image size-full\"><img loading=\"lazy\" decoding=\"async\" width=\"343\" height=\"938\" src=\"https:\/\/mittelschule-hofeck.de\/wordpress\/wp-content\/uploads\/2026\/03\/2026-Termine-Quali-neu.jpg\" alt=\"\" class=\"wp-image-11531\" srcset=\"https:\/\/mittelschule-hofeck.de\/wordpress\/wp-content\/uploads\/2026\/03\/2026-Termine-Quali-neu.jpg 343w, https:\/\/mittelschule-hofeck.de\/wordpress\/wp-content\/uploads\/2026\/03\/2026-Termine-Quali-neu-110x300.jpg 110w, https:\/\/mittelschule-hofeck.de\/wordpress\/wp-content\/uploads\/2026\/03\/2026-Termine-Quali-neu-300x820.jpg 300w\" sizes=\"auto, (max-width: 343px) 100vw, 343px\" \/><\/figure>\n\n\n\n<hr class=\"wp-block-separator has-alpha-channel-opacity\"\/>\n\n\n\n<p><strong>MSA Praxisklassen<\/strong><\/p>\n\n\n\n<figure class=\"wp-block-image size-full\"><img loading=\"lazy\" decoding=\"async\" width=\"343\" height=\"681\" src=\"https:\/\/mittelschule-hofeck.de\/wordpress\/wp-content\/uploads\/2026\/03\/2026-Termine-MSA.jpg\" alt=\"\" class=\"wp-image-11509\" srcset=\"https:\/\/mittelschule-hofeck.de\/wordpress\/wp-content\/uploads\/2026\/03\/2026-Termine-MSA.jpg 343w, https:\/\/mittelschule-hofeck.de\/wordpress\/wp-content\/uploads\/2026\/03\/2026-Termine-MSA-151x300.jpg 151w, https:\/\/mittelschule-hofeck.de\/wordpress\/wp-content\/uploads\/2026\/03\/2026-Termine-MSA-300x596.jpg 300w\" sizes=\"auto, (max-width: 343px) 100vw, 343px\" \/><\/figure>\n\n\n\n<hr class=\"wp-block-separator has-alpha-channel-opacity\"\/>\n\n\n\n<p><strong>MiBi<\/strong><\/p>\n\n\n\n<figure class=\"wp-block-image size-full\"><img loading=\"lazy\" decoding=\"async\" width=\"345\" height=\"561\" src=\"https:\/\/mittelschule-hofeck.de\/wordpress\/wp-content\/uploads\/2026\/03\/2026-Termine-MiBi.jpg\" alt=\"\" class=\"wp-image-11510\" srcset=\"https:\/\/mittelschule-hofeck.de\/wordpress\/wp-content\/uploads\/2026\/03\/2026-Termine-MiBi.jpg 345w, https:\/\/mittelschule-hofeck.de\/wordpress\/wp-content\/uploads\/2026\/03\/2026-Termine-MiBi-184x300.jpg 184w, https:\/\/mittelschule-hofeck.de\/wordpress\/wp-content\/uploads\/2026\/03\/2026-Termine-MiBi-300x488.jpg 300w\" sizes=\"auto, (max-width: 345px) 100vw, 345px\" \/><\/figure>\n","protected":false},"excerpt":{"rendered":"<p>Externe Teilnehmer am Quali: !!! Am Freitag, 17.04.2026, 13.00 Uhr findet f\u00fcr externe Teilnehmer eine Infoveranstaltung statt. !!! Die Pr\u00fcfungstermine finden Sie auf dieser Seite unten. Individuelle Pr\u00fcfungstermine f\u00fcr DAZ m\u00fcndlich und Englisch m\u00fcndlich m\u00fcssen eine Woche vorher selbst in der Verwaltung der Schule erfragt werden. Daf\u00fcr k\u00f6nnen Sie in der Zeit von 8.00 Uhr&#8230;<\/p>\n","protected":false},"author":1,"featured_media":0,"parent":0,"menu_order":0,"comment_status":"closed","ping_status":"closed","template":"","meta":{"footnotes":""},"class_list":["post-2663","page","type-page","status-publish","hentry"],"_links":{"self":[{"href":"https:\/\/mittelschule-hofeck.de\/wordpress\/wp-json\/wp\/v2\/pages\/2663","targetHints":{"allow":["GET"]}}],"collection":[{"href":"https:\/\/mittelschule-hofeck.de\/wordpress\/wp-json\/wp\/v2\/pages"}],"about":[{"href":"https:\/\/mittelschule-hofeck.de\/wordpress\/wp-json\/wp\/v2\/types\/page"}],"author":[{"embeddable":true,"href":"https:\/\/mittelschule-hofeck.de\/wordpress\/wp-json\/wp\/v2\/users\/1"}],"replies":[{"embeddable":true,"href":"https:\/\/mittelschule-hofeck.de\/wordpress\/wp-json\/wp\/v2\/comments?post=2663"}],"version-history":[{"count":171,"href":"https:\/\/mittelschule-hofeck.de\/wordpress\/wp-json\/wp\/v2\/pages\/2663\/revisions"}],"predecessor-version":[{"id":11532,"href":"https:\/\/mittelschule-hofeck.de\/wordpress\/wp-json\/wp\/v2\/pages\/2663\/revisions\/11532"}],"wp:attachment":[{"href":"https:\/\/mittelschule-hofeck.de\/wordpress\/wp-json\/wp\/v2\/media?parent=2663"}],"curies":[{"name":"wp","href":"https:\/\/api.w.org\/{rel}","templated":true}]}}