{"id":2621,"date":"2019-10-30T20:36:28","date_gmt":"2019-10-30T18:36:28","guid":{"rendered":"https:\/\/mittelschule-hofeck.de\/wordpress\/?page_id=2621"},"modified":"2019-11-05T15:52:24","modified_gmt":"2019-11-05T14:52:24","slug":"lesementoren","status":"publish","type":"page","link":"https:\/\/mittelschule-hofeck.de\/wordpress\/lesementoren\/","title":{"rendered":"Lesementoren"},"content":{"rendered":"\n<p><strong>Gemeinsam lesen macht\ndoppelt Spa\u00df<\/strong><\/p>\n\n\n\n<p>Seit \u00fcber zehn Jahren gibt es den Verein Mentor\nLesespa\u00df auch in Hof.<\/p>\n\n\n\n<p>Mittlerweile sind unsere Lesepaten an dreizehn\nSchulen in Stadt und Landkreis Hof im Einsatz und wollen Sch\u00fclern zeigen, dass\nLesen mehr als nur eine l\u00e4stige Pflicht ist.<\/p>\n\n\n\n<p><strong>Lesen ist wichtig, nicht\nnur im Deutschunterricht<\/strong>. Wer diese Kompetenz\nnicht beherrscht, bekommt schnell Schwierigkeiten sowohl in der Schule als auch\nim t\u00e4glichen Leben.<\/p>\n\n\n\n<div class=\"wp-block-image\"><figure class=\"alignleft is-resized\"><img loading=\"lazy\" decoding=\"async\" src=\"https:\/\/mittelschule-hofeck.de\/wordpress\/wp-content\/uploads\/2019\/11\/IMG_20191104_155744_resized_20191105_034505264-1024x768.jpg\" alt=\"\" class=\"wp-image-2770\" width=\"245\" height=\"184\" srcset=\"https:\/\/mittelschule-hofeck.de\/wordpress\/wp-content\/uploads\/2019\/11\/IMG_20191104_155744_resized_20191105_034505264-1024x768.jpg 1024w, https:\/\/mittelschule-hofeck.de\/wordpress\/wp-content\/uploads\/2019\/11\/IMG_20191104_155744_resized_20191105_034505264-300x225.jpg 300w, https:\/\/mittelschule-hofeck.de\/wordpress\/wp-content\/uploads\/2019\/11\/IMG_20191104_155744_resized_20191105_034505264-768x576.jpg 768w\" sizes=\"auto, (max-width: 245px) 100vw, 245px\" \/><figcaption>Lesen in gem\u00fctlicher Atmosph\u00e4re- unser Lesezimmer.<\/figcaption><\/figure><\/div>\n\n\n\n<p>Unsere Mentoren betreuen haupts\u00e4chlich Sch\u00fcler\nvon der zweiten bis zur sechsten Klasse im 1:1 Prinzip, d. h. ein\nf\u00f6rderungsbed\u00fcrftiges Kind bekommt seinen eigenen Mentor, der einmal pro Woche\nnach dem Unterricht in die Schule kommt, um f\u00fcr eine Stunde in ruhiger Umgebung\ngemeinsam zu lesen.<\/p>\n\n\n\n<p>Dankenswerterweise durften wir in diesem\nSchuljahr im Schulhaus Hofeck bereits unser zweites Lesezimmer einrichten.<\/p>\n\n\n\n<div class=\"wp-block-image\"><figure class=\"alignright is-resized\"><img loading=\"lazy\" decoding=\"async\" src=\"https:\/\/mittelschule-hofeck.de\/wordpress\/wp-content\/uploads\/2019\/11\/IMG_20191104_155807_resized_20191105_034503059-768x1024.jpg\" alt=\"\" class=\"wp-image-2771\" width=\"218\" height=\"290\" srcset=\"https:\/\/mittelschule-hofeck.de\/wordpress\/wp-content\/uploads\/2019\/11\/IMG_20191104_155807_resized_20191105_034503059-768x1024.jpg 768w, https:\/\/mittelschule-hofeck.de\/wordpress\/wp-content\/uploads\/2019\/11\/IMG_20191104_155807_resized_20191105_034503059-225x300.jpg 225w, https:\/\/mittelschule-hofeck.de\/wordpress\/wp-content\/uploads\/2019\/11\/IMG_20191104_155807_resized_20191105_034503059.jpg 1728w\" sizes=\"auto, (max-width: 218px) 100vw, 218px\" \/><\/figure><\/div>\n\n\n\n<p>Au\u00dferdem suchen wir st\u00e4ndig \u201cMitstreiter\u201d, um\nm\u00f6glichst vielen Kindern die M\u00f6glichkeit zu geben, einen Mentor zu bekommen,\ndenn <strong>der Bedarf ist\ngro\u00df !<\/strong><\/p>\n\n\n\n<p>Wer Lesementor werden m\u00f6chte, braucht nur ein\nbisschen Zeit, Spa\u00df am Lesen, Geduld und Freude an der Arbeit mit Kindern.<\/p>\n\n\n\n<p>Wichtig ist auch, diese ehrenamtliche T\u00e4tigkeit\nzuverl\u00e4ssig und kontinuierlich mindestens \u00fcber ein Schuljahr auszuf\u00fchren.<\/p>\n\n\n\n<p><strong>Sollte bei Ihnen\nInteresse an dieser wertvollen T\u00e4tigkeit bestehen, wenden Sie sich bitte an <\/strong><\/p>\n\n\n\n<p class=\"has-text-color has-background has-cyan-bluish-gray-color has-vivid-red-background-color\"><strong>Frau Witzgall&nbsp;\n(Tel. 09281 \u2013 960 365)&nbsp; oder<\/strong><\/p>\n\n\n\n<p class=\"has-text-color has-background has-cyan-bluish-gray-color has-vivid-red-background-color\"><strong>Frau\nZapf&nbsp;&nbsp;&nbsp;&nbsp;&nbsp;&nbsp;&nbsp; (Tel. 09281 \u2013 6 37 48)<\/strong><\/p>\n\n\n\n<p>Der Einstieg ist jederzeit m\u00f6glich. Mehr Informationen zum Mentor Verein finden Sie auch im Internet unter <a href=\"http:\/\/www.mentor-lesespass-hof.de\">www.mentor-lesespass-hof.de<\/a><\/p>\n\n\n\n<figure class=\"wp-block-image\"><img loading=\"lazy\" decoding=\"async\" width=\"1024\" height=\"768\" src=\"https:\/\/mittelschule-hofeck.de\/wordpress\/wp-content\/uploads\/2019\/11\/IMG_20191104_155744_resized_20191105_034505264-1024x768.jpg\" alt=\"\" class=\"wp-image-2770\" srcset=\"https:\/\/mittelschule-hofeck.de\/wordpress\/wp-content\/uploads\/2019\/11\/IMG_20191104_155744_resized_20191105_034505264-1024x768.jpg 1024w, https:\/\/mittelschule-hofeck.de\/wordpress\/wp-content\/uploads\/2019\/11\/IMG_20191104_155744_resized_20191105_034505264-300x225.jpg 300w, https:\/\/mittelschule-hofeck.de\/wordpress\/wp-content\/uploads\/2019\/11\/IMG_20191104_155744_resized_20191105_034505264-768x576.jpg 768w\" sizes=\"auto, (max-width: 1024px) 100vw, 1024px\" \/><\/figure>\n\n\n<p><!--EndFragment--><\/p>","protected":false},"excerpt":{"rendered":"<p>Gemeinsam lesen macht doppelt Spa\u00df Seit \u00fcber zehn Jahren gibt es den Verein Mentor Lesespa\u00df auch in Hof. Mittlerweile sind unsere Lesepaten an dreizehn Schulen in Stadt und Landkreis Hof im Einsatz und wollen Sch\u00fclern zeigen, dass Lesen mehr als nur eine l\u00e4stige Pflicht ist. Lesen ist wichtig, nicht nur im Deutschunterricht. Wer diese Kompetenz&#8230;<\/p>\n","protected":false},"author":1,"featured_media":0,"parent":0,"menu_order":0,"comment_status":"closed","ping_status":"closed","template":"","meta":{"footnotes":""},"class_list":["post-2621","page","type-page","status-publish","hentry"],"_links":{"self":[{"href":"https:\/\/mittelschule-hofeck.de\/wordpress\/wp-json\/wp\/v2\/pages\/2621","targetHints":{"allow":["GET"]}}],"collection":[{"href":"https:\/\/mittelschule-hofeck.de\/wordpress\/wp-json\/wp\/v2\/pages"}],"about":[{"href":"https:\/\/mittelschule-hofeck.de\/wordpress\/wp-json\/wp\/v2\/types\/page"}],"author":[{"embeddable":true,"href":"https:\/\/mittelschule-hofeck.de\/wordpress\/wp-json\/wp\/v2\/users\/1"}],"replies":[{"embeddable":true,"href":"https:\/\/mittelschule-hofeck.de\/wordpress\/wp-json\/wp\/v2\/comments?post=2621"}],"version-history":[{"count":5,"href":"https:\/\/mittelschule-hofeck.de\/wordpress\/wp-json\/wp\/v2\/pages\/2621\/revisions"}],"predecessor-version":[{"id":2775,"href":"https:\/\/mittelschule-hofeck.de\/wordpress\/wp-json\/wp\/v2\/pages\/2621\/revisions\/2775"}],"wp:attachment":[{"href":"https:\/\/mittelschule-hofeck.de\/wordpress\/wp-json\/wp\/v2\/media?parent=2621"}],"curies":[{"name":"wp","href":"https:\/\/api.w.org\/{rel}","templated":true}]}}