{"id":11280,"date":"2025-11-16T10:07:51","date_gmt":"2025-11-16T09:07:51","guid":{"rendered":"https:\/\/mittelschule-hofeck.de\/wordpress\/?page_id=11280"},"modified":"2025-11-16T10:07:51","modified_gmt":"2025-11-16T09:07:51","slug":"alphabetisierungsklasse","status":"publish","type":"page","link":"https:\/\/mittelschule-hofeck.de\/wordpress\/alphabetisierungsklasse\/","title":{"rendered":"Alphabetisierungsklasse"},"content":{"rendered":"\n<p>Die Alphabetisierungsklasse bietet Sch\u00fclerinnen und Sch\u00fclern die M\u00f6glichkeit den Schriftspracherwerb auch in der Mittelschule zu erlernen. Dabei liegt der Fokus auf dem Erlernen der Buchstaben, dem Erlernen der Lesef\u00e4higkeit und schulischer Kernkompetenzen. <\/p>\n\n\n\n<p><strong>Was ist der Unterschied zu einer Deutschklasse?<\/strong><\/p>\n\n\n\n<p>Sch\u00fclerinnen und Sch\u00fcler der Deutschklassen haben den Schriftspracherwerb in der Erstsprache i. d. R. vollst\u00e4ndig durchlaufen und k\u00f6nnen erlernte schriftsprachliche Kompetenzen auf die Zweitschrift \u00fcbertragen. Sie verf\u00fcgen \u00fcber Schulerfahrung und k\u00f6nnen auf erworbene Lern- und Arbeitsstrategien<br>zur\u00fcckgreifen. <\/p>\n\n\n\n<p><\/p>\n\n\n\n<p>Sch\u00fclerinnen und Sch\u00fcler mit Alphabetisierungsbedarf k\u00f6nnen weder schreiben noch<br>lesen und m\u00fcssen ein grundlegendes Verst\u00e4ndnis von Schrift aufbauen sowie ggf. erste<br>Schulerfahrungen sammeln.<\/p>\n\n\n\n<p><\/p>\n\n\n\n<p>Nach erfolgreichem Schriftspracherwerb werden die Sch\u00fclerinnen und Sch\u00fcler anschlie\u00dfend in der Regel in Deutschklassen eingegliedert, um die deutsch Sprache weiter zu erlernen..<\/p>\n\n\n\n<p><\/p>\n","protected":false},"excerpt":{"rendered":"<p>Die Alphabetisierungsklasse bietet Sch\u00fclerinnen und Sch\u00fclern die M\u00f6glichkeit den Schriftspracherwerb auch in der Mittelschule zu erlernen. Dabei liegt der Fokus auf dem Erlernen der Buchstaben, dem Erlernen der Lesef\u00e4higkeit und schulischer Kernkompetenzen. Was ist der Unterschied zu einer Deutschklasse? Sch\u00fclerinnen und Sch\u00fcler der Deutschklassen haben den Schriftspracherwerb in der Erstsprache i. d. R. vollst\u00e4ndig durchlaufen&#8230;<\/p>\n","protected":false},"author":1,"featured_media":0,"parent":0,"menu_order":0,"comment_status":"closed","ping_status":"closed","template":"","meta":{"footnotes":""},"class_list":["post-11280","page","type-page","status-publish","hentry"],"_links":{"self":[{"href":"https:\/\/mittelschule-hofeck.de\/wordpress\/wp-json\/wp\/v2\/pages\/11280","targetHints":{"allow":["GET"]}}],"collection":[{"href":"https:\/\/mittelschule-hofeck.de\/wordpress\/wp-json\/wp\/v2\/pages"}],"about":[{"href":"https:\/\/mittelschule-hofeck.de\/wordpress\/wp-json\/wp\/v2\/types\/page"}],"author":[{"embeddable":true,"href":"https:\/\/mittelschule-hofeck.de\/wordpress\/wp-json\/wp\/v2\/users\/1"}],"replies":[{"embeddable":true,"href":"https:\/\/mittelschule-hofeck.de\/wordpress\/wp-json\/wp\/v2\/comments?post=11280"}],"version-history":[{"count":1,"href":"https:\/\/mittelschule-hofeck.de\/wordpress\/wp-json\/wp\/v2\/pages\/11280\/revisions"}],"predecessor-version":[{"id":11281,"href":"https:\/\/mittelschule-hofeck.de\/wordpress\/wp-json\/wp\/v2\/pages\/11280\/revisions\/11281"}],"wp:attachment":[{"href":"https:\/\/mittelschule-hofeck.de\/wordpress\/wp-json\/wp\/v2\/media?parent=11280"}],"curies":[{"name":"wp","href":"https:\/\/api.w.org\/{rel}","templated":true}]}}