{"id":10380,"date":"2024-06-11T10:36:15","date_gmt":"2024-06-11T09:36:15","guid":{"rendered":"https:\/\/mittelschule-hofeck.de\/wordpress\/?page_id=10380"},"modified":"2026-03-03T17:16:26","modified_gmt":"2026-03-03T16:16:26","slug":"ecn-extra-chancen-nutzen","status":"publish","type":"page","link":"https:\/\/mittelschule-hofeck.de\/wordpress\/ecn-extra-chancen-nutzen\/","title":{"rendered":"eCn &#8211; extra Chancen nutzen"},"content":{"rendered":"\n<p>Seit dem  Schuljahr 2024\/2025 bieten wir, in Zusammenarbeit mit der Diakonie am Campus und der Agentur f\u00fcr Arbeit, in Hof das Projekt \u201eeCn \u2013 extra Chancen nutzen\u201c an.<\/p>\n\n\n\n<p>Dieses richtet sich haupts\u00e4chlich an Sch\u00fclerinnen und Sch\u00fcler der 9. Jahrgangsstufe, die den qualifizierenden Abschluss nicht geschafft haben und somit ihre Schulzeit verl\u00e4ngern werden oder auch an Sch\u00fclerinnen und Sch\u00fcler der 8. Jahrgangsstufe mit erf\u00fcllter Regelschulzeitpflicht.<br>In diesem Projekt ist ein intensiver Unterricht mit Praktikumsphasen gekoppelt. Diese Kombination von<br>Schule und Praxis soll helfen, die Ausbildungsf\u00e4higkeit der Sch\u00fclerinnen und Sch\u00fcler zu st\u00e4rken, um<br>somit die sp\u00e4teren Chancen auf dem Ausbildungsmarkt zu erh\u00f6hen. Im Rahmen der eCn-Klasse<br>besteht die M\u00f6glichkeit, den qualifizierenden Abschluss der Mittelschule zu erlangen und sich auf dem<br>Ausbildungsmarkt zu orientieren.<\/p>\n\n\n\n<p><\/p>\n\n\n\n<div style=\"height:38px\" aria-hidden=\"true\" class=\"wp-block-spacer\"><\/div>\n\n\n\n<p class=\"has-text-align-center has-cyan-bluish-gray-color has-vivid-red-background-color has-text-color has-background has-link-color wp-elements-e1d78a3295973320292723c8bd0b019c\"><mark style=\"background-color:#cf2e2e\" class=\"has-inline-color has-cyan-bluish-gray-color\"><strong>Unser Team der eCn-Klasse<\/strong><\/mark><\/p>\n\n\n\n<figure class=\"wp-block-image size-large\"><img loading=\"lazy\" decoding=\"async\" width=\"1024\" height=\"710\" src=\"https:\/\/mittelschule-hofeck.de\/wordpress\/wp-content\/uploads\/2025\/09\/2025-5-eCn-1024x710.jpg\" alt=\"\" class=\"wp-image-11218\" srcset=\"https:\/\/mittelschule-hofeck.de\/wordpress\/wp-content\/uploads\/2025\/09\/2025-5-eCn-1024x710.jpg 1024w, https:\/\/mittelschule-hofeck.de\/wordpress\/wp-content\/uploads\/2025\/09\/2025-5-eCn-300x208.jpg 300w, https:\/\/mittelschule-hofeck.de\/wordpress\/wp-content\/uploads\/2025\/09\/2025-5-eCn-768x532.jpg 768w, https:\/\/mittelschule-hofeck.de\/wordpress\/wp-content\/uploads\/2025\/09\/2025-5-eCn-1536x1065.jpg 1536w, https:\/\/mittelschule-hofeck.de\/wordpress\/wp-content\/uploads\/2025\/09\/2025-5-eCn-2048x1420.jpg 2048w, https:\/\/mittelschule-hofeck.de\/wordpress\/wp-content\/uploads\/2025\/09\/2025-5-eCn-850x589.jpg 850w\" sizes=\"auto, (max-width: 1024px) 100vw, 1024px\" \/><\/figure>\n\n\n\n<p class=\"has-text-align-center has-cyan-bluish-gray-color has-vivid-red-background-color has-text-color has-background has-link-color wp-elements-02e8b58f3d4373479454f090275910a7\"><mark style=\"background-color:#cf2e2e\" class=\"has-inline-color has-cyan-bluish-gray-color\"><strong>Voranmeldung f\u00fcr die eCn-Klasse<\/strong><\/mark><\/p>\n\n\n\n<div data-wp-interactive=\"core\/file\" class=\"wp-block-file\"><object data-wp-bind--hidden=\"!state.hasPdfPreview\" hidden class=\"wp-block-file__embed\" data=\"https:\/\/mittelschule-hofeck.de\/wordpress\/wp-content\/uploads\/2026\/03\/2026-27-Voranmeldung-eCn-Klasse.pdf\" type=\"application\/pdf\" style=\"width:100%;height:470px\" aria-label=\"Einbettung von 2026-27 Voranmeldung eCn-Klasse.\"><\/object><a id=\"wp-block-file--media-e62ae675-d3d2-47a3-90fd-8db1911d19c4\" href=\"https:\/\/mittelschule-hofeck.de\/wordpress\/wp-content\/uploads\/2026\/03\/2026-27-Voranmeldung-eCn-Klasse.pdf\">2026-27 Voranmeldung eCn-Klasse<\/a><a href=\"https:\/\/mittelschule-hofeck.de\/wordpress\/wp-content\/uploads\/2026\/03\/2026-27-Voranmeldung-eCn-Klasse.pdf\" class=\"wp-block-file__button wp-element-button\" download aria-describedby=\"wp-block-file--media-e62ae675-d3d2-47a3-90fd-8db1911d19c4\">Herunterladen<\/a><\/div>\n\n\n\n<div style=\"height:38px\" aria-hidden=\"true\" class=\"wp-block-spacer\"><\/div>\n\n\n\n<p class=\"has-text-align-center has-cyan-bluish-gray-color has-vivid-red-background-color has-text-color has-background has-link-color wp-elements-2cceb4c25f774d431c7e9e569312295e\"><mark style=\"background-color:#cf2e2e\" class=\"has-inline-color has-cyan-bluish-gray-color\"><strong>Infoabend und Anmeldung eCn-Klasse<\/strong><\/mark><\/p>\n\n\n\n<div data-wp-interactive=\"core\/file\" class=\"wp-block-file\"><object data-wp-bind--hidden=\"!state.hasPdfPreview\" hidden class=\"wp-block-file__embed\" data=\"https:\/\/mittelschule-hofeck.de\/wordpress\/wp-content\/uploads\/2026\/03\/2026-27-eCn-Flyer-Infoabend-und-Anmeldung-1.pdf\" type=\"application\/pdf\" style=\"width:100%;height:600px\" aria-label=\"Einbettung von 2026-27 eCn Flyer Infoabend und Anmeldung-1.\"><\/object><a id=\"wp-block-file--media-e261038c-ce16-4814-8ced-ca7b7ed06724\" href=\"https:\/\/mittelschule-hofeck.de\/wordpress\/wp-content\/uploads\/2026\/03\/2026-27-eCn-Flyer-Infoabend-und-Anmeldung-1.pdf\">2026-27 eCn Flyer Infoabend und Anmeldung-1<\/a><a href=\"https:\/\/mittelschule-hofeck.de\/wordpress\/wp-content\/uploads\/2026\/03\/2026-27-eCn-Flyer-Infoabend-und-Anmeldung-1.pdf\" class=\"wp-block-file__button wp-element-button\" download aria-describedby=\"wp-block-file--media-e261038c-ce16-4814-8ced-ca7b7ed06724\">Herunterladen<\/a><\/div>\n\n\n\n<div style=\"height:38px\" aria-hidden=\"true\" class=\"wp-block-spacer\"><\/div>\n\n\n\n<p class=\"has-text-align-center has-cyan-bluish-gray-color has-vivid-red-background-color has-text-color has-background has-link-color wp-elements-455a2e191e641771d4b15e73e8b0b720\"><mark style=\"background-color:#cf2e2e\" class=\"has-inline-color has-cyan-bluish-gray-color\"><strong>Infoflyer eCn-Klasse<\/strong><\/mark><\/p>\n\n\n\n<div data-wp-interactive=\"core\/file\" class=\"wp-block-file\"><object data-wp-bind--hidden=\"!state.hasPdfPreview\" hidden class=\"wp-block-file__embed\" data=\"https:\/\/mittelschule-hofeck.de\/wordpress\/wp-content\/uploads\/2026\/03\/2026-27-eCn-Flyer-Schueler-und-Eltern-1.pdf\" type=\"application\/pdf\" style=\"width:100%;height:600px\" aria-label=\"Einbettung von 2026-27 eCn Flyer Sch\u00fcler und Eltern-1.\"><\/object><a id=\"wp-block-file--media-31738b40-4719-4a00-a474-76bd2d5f4eae\" href=\"https:\/\/mittelschule-hofeck.de\/wordpress\/wp-content\/uploads\/2026\/03\/2026-27-eCn-Flyer-Schueler-und-Eltern-1.pdf\">2026-27 eCn Flyer Sch\u00fcler und Eltern-1<\/a><a href=\"https:\/\/mittelschule-hofeck.de\/wordpress\/wp-content\/uploads\/2026\/03\/2026-27-eCn-Flyer-Schueler-und-Eltern-1.pdf\" class=\"wp-block-file__button wp-element-button\" download aria-describedby=\"wp-block-file--media-31738b40-4719-4a00-a474-76bd2d5f4eae\">Herunterladen<\/a><\/div>\n\n\n\n<div style=\"height:38px\" aria-hidden=\"true\" class=\"wp-block-spacer\"><\/div>\n\n\n\n<p class=\"has-text-align-center has-cyan-bluish-gray-color has-vivid-red-background-color has-text-color has-background has-link-color wp-elements-4db1dda619aec9c601cad8759d395d67\"><mark style=\"background-color:#cf2e2e\" class=\"has-inline-color has-cyan-bluish-gray-color\"><strong>Medienberichte zur eCn-Klasse<\/strong><\/mark><\/p>\n\n\n\n<p>Der BR berichtete am 16.03.2025 in der Frankenschau \u00fcber die eCn-Klassen in Hof.<\/p>\n\n\n\n<iframe loading=\"lazy\" src=\"https:\/\/www.ardmediathek.de\/embed\/Y3JpZDovL2JyLmRlL2Jyb2FkY2FzdC9GMjAyNFdPMDEyMTQ0QTA?startTime=71.00&#038;endTime=467.00\" width=\"640\" height=\"360\" allowfullscreen allow=\"clipboard-read; clipboard-write\" frameBorder=\"0\" scrolling=\"no\"><\/iframe>\n\n\n\n<p><\/p>\n\n\n\n<figure class=\"wp-block-image size-large\"><img loading=\"lazy\" decoding=\"async\" width=\"899\" height=\"1024\" src=\"https:\/\/mittelschule-hofeck.de\/wordpress\/wp-content\/uploads\/2025\/07\/2025-eCn-Trainingscamp-899x1024.jpg\" alt=\"\" class=\"wp-image-11146\" srcset=\"https:\/\/mittelschule-hofeck.de\/wordpress\/wp-content\/uploads\/2025\/07\/2025-eCn-Trainingscamp-899x1024.jpg 899w, https:\/\/mittelschule-hofeck.de\/wordpress\/wp-content\/uploads\/2025\/07\/2025-eCn-Trainingscamp-263x300.jpg 263w, https:\/\/mittelschule-hofeck.de\/wordpress\/wp-content\/uploads\/2025\/07\/2025-eCn-Trainingscamp-768x875.jpg 768w, https:\/\/mittelschule-hofeck.de\/wordpress\/wp-content\/uploads\/2025\/07\/2025-eCn-Trainingscamp-300x342.jpg 300w, https:\/\/mittelschule-hofeck.de\/wordpress\/wp-content\/uploads\/2025\/07\/2025-eCn-Trainingscamp-850x968.jpg 850w, https:\/\/mittelschule-hofeck.de\/wordpress\/wp-content\/uploads\/2025\/07\/2025-eCn-Trainingscamp.jpg 1193w\" sizes=\"auto, (max-width: 899px) 100vw, 899px\" \/><figcaption class=\"wp-element-caption\">Frankenpost vom 12.07.2025<\/figcaption><\/figure>\n\n\n\n<p class=\"has-text-align-center has-cyan-bluish-gray-color has-vivid-red-background-color has-text-color has-background has-link-color wp-elements-abb27ad117ba0c17452e4da44f9a6a1a\"><mark style=\"background-color:#cf2e2e\" class=\"has-inline-color has-cyan-bluish-gray-color\"><strong>Feedback zur eCn-Klasse<\/strong><\/mark><\/p>\n\n\n<div class=\"wp-block-image\">\n<figure class=\"aligncenter size-large\"><img loading=\"lazy\" decoding=\"async\" width=\"654\" height=\"1024\" src=\"https:\/\/mittelschule-hofeck.de\/wordpress\/wp-content\/uploads\/2025\/02\/eCn-Aussage-SuS-2025-654x1024.jpg\" alt=\"\" class=\"wp-image-10797\" srcset=\"https:\/\/mittelschule-hofeck.de\/wordpress\/wp-content\/uploads\/2025\/02\/eCn-Aussage-SuS-2025-654x1024.jpg 654w, https:\/\/mittelschule-hofeck.de\/wordpress\/wp-content\/uploads\/2025\/02\/eCn-Aussage-SuS-2025-191x300.jpg 191w, https:\/\/mittelschule-hofeck.de\/wordpress\/wp-content\/uploads\/2025\/02\/eCn-Aussage-SuS-2025-768x1203.jpg 768w, https:\/\/mittelschule-hofeck.de\/wordpress\/wp-content\/uploads\/2025\/02\/eCn-Aussage-SuS-2025-300x470.jpg 300w, https:\/\/mittelschule-hofeck.de\/wordpress\/wp-content\/uploads\/2025\/02\/eCn-Aussage-SuS-2025.jpg 817w\" sizes=\"auto, (max-width: 654px) 100vw, 654px\" \/><\/figure>\n<\/div>\n\n\n<div style=\"height:41px\" aria-hidden=\"true\" class=\"wp-block-spacer\"><\/div>\n\n\n\n<p class=\"has-text-align-center has-cyan-bluish-gray-color has-vivid-red-background-color has-text-color has-background has-link-color wp-elements-e7ee0d112c97b138788e4a46f1f1250b\"><mark style=\"background-color:#cf2e2e\" class=\"has-inline-color has-cyan-bluish-gray-color\"><strong>Einblicke<\/strong><\/mark><\/p>\n\n\n\n<p><\/p>\n\n\n<blockquote class=\"wp-embedded-content\" data-secret=\"IYjDtoaKQ8\"><p><a href=\"https:\/\/mittelschule-hofeck.de\/wordpress\/11135\/\">Unvergessliche Klassenfahrt der 9eCn ins Sportcamp nach Bischofsgr\u00fcn!<\/a><\/p><\/blockquote>\n<p><iframe loading=\"lazy\" class=\"wp-embedded-content\" sandbox=\"allow-scripts\" security=\"restricted\" style=\"position: absolute; visibility: hidden;\" title=\"&#8222;Unvergessliche Klassenfahrt der 9eCn ins Sportcamp nach Bischofsgr\u00fcn!&#8220; &#8211; Hofecker Mittelschule\" src=\"https:\/\/mittelschule-hofeck.de\/wordpress\/11135\/embed\/#?secret=BwMhP1J9z9#?secret=IYjDtoaKQ8\" data-secret=\"IYjDtoaKQ8\" width=\"600\" height=\"338\" frameborder=\"0\" marginwidth=\"0\" marginheight=\"0\" scrolling=\"no\"><\/iframe><\/p>\n","protected":false},"excerpt":{"rendered":"<p>Seit dem Schuljahr 2024\/2025 bieten wir, in Zusammenarbeit mit der Diakonie am Campus und der Agentur f\u00fcr Arbeit, in Hof das Projekt \u201eeCn \u2013 extra Chancen nutzen\u201c an. Dieses richtet sich haupts\u00e4chlich an Sch\u00fclerinnen und Sch\u00fcler der 9. Jahrgangsstufe, die den qualifizierenden Abschluss nicht geschafft haben und somit ihre Schulzeit verl\u00e4ngern werden oder auch an&#8230;<\/p>\n","protected":false},"author":1,"featured_media":0,"parent":0,"menu_order":0,"comment_status":"closed","ping_status":"closed","template":"","meta":{"footnotes":""},"class_list":["post-10380","page","type-page","status-publish","hentry"],"_links":{"self":[{"href":"https:\/\/mittelschule-hofeck.de\/wordpress\/wp-json\/wp\/v2\/pages\/10380","targetHints":{"allow":["GET"]}}],"collection":[{"href":"https:\/\/mittelschule-hofeck.de\/wordpress\/wp-json\/wp\/v2\/pages"}],"about":[{"href":"https:\/\/mittelschule-hofeck.de\/wordpress\/wp-json\/wp\/v2\/types\/page"}],"author":[{"embeddable":true,"href":"https:\/\/mittelschule-hofeck.de\/wordpress\/wp-json\/wp\/v2\/users\/1"}],"replies":[{"embeddable":true,"href":"https:\/\/mittelschule-hofeck.de\/wordpress\/wp-json\/wp\/v2\/comments?post=10380"}],"version-history":[{"count":29,"href":"https:\/\/mittelschule-hofeck.de\/wordpress\/wp-json\/wp\/v2\/pages\/10380\/revisions"}],"predecessor-version":[{"id":11473,"href":"https:\/\/mittelschule-hofeck.de\/wordpress\/wp-json\/wp\/v2\/pages\/10380\/revisions\/11473"}],"wp:attachment":[{"href":"https:\/\/mittelschule-hofeck.de\/wordpress\/wp-json\/wp\/v2\/media?parent=10380"}],"curies":[{"name":"wp","href":"https:\/\/api.w.org\/{rel}","templated":true}]}}